{"id":15281,"date":"2023-07-06T09:55:26","date_gmt":"2023-07-06T08:55:26","guid":{"rendered":"https:\/\/busot.es\/publica\/?page_id=15281"},"modified":"2023-07-11T11:51:33","modified_gmt":"2023-07-11T10:51:33","slug":"banco-de-tierras","status":"publish","type":"page","link":"https:\/\/busot.es\/publica\/servicios\/banco-de-tierras\/","title":{"rendered":"Banco de tierras"},"content":{"rendered":"<div class=\"fusion-two-third fusion-layout-column fusion-spacing-yes\" style=\"margin-top:0px;margin-bottom:20px;\"><div class=\"fusion-column-wrapper\"><p>Un Banco de Tierras consiste en un registro de campos que sus propietarios est\u00e1n dispuestos a hacer un contrato de cesi\u00f3n, aparcer\u00eda o alquiler. Las personas interesadas en ampliar la cantidad de tierras que trabajan o al iniciar una nueva actividad agraria, pueden consultar este registro y contactar con los propietarios para ver y llegar a un acuerdo. La <a href=\"https:\/\/www.buscatierras.com\/\" target=\"_blank\" rel=\"noopener noreferrer\">entidad gestora<\/a> se encarga de gestionar los contactos y facilitar los acuerdos.<\/p>\n<p>Las tierras en abandono son un problema econ\u00f3mico para sus propietarios. Son un reservorio de plagas como los roedores y enfermedades. Y son causa de erosi\u00f3n y peligro de incendios forestales. Tener tierras inscritas en el Banco de Tierras no te exime la responsabilidad de buenas pr\u00e1cticas agrarias como propietario, hasta que no tengas contrato con alg\u00fan interesado.<\/p>\n<p>La puesta en marcha del Banco de Tierras aumenta las oportunidades de trabajo y negocio relacionados con el sector agrario. Si adem\u00e1s se tiene en cuenta que trabajar la tierra supone gestionar el territorio, fijar poblaci\u00f3n y luchar contra el cambio clim\u00e1tico, entonces se puede considerar que es una necesaria iniciativa. El Banco de Tierras es una herramienta estrat\u00e9gica de la Agenda 2030, pacto local para el desarrollo sostenible.<\/p>\n<p>Para inscribirse o demandar tierras es muy sencillo Pulsa sobre el bot\u00f3n que quiere INSCRIPCI\u00d3N DE TIERRAS o DEMANDA DE TIERRAS y rellene el formulario. Nos pondremos en contacto contigo y haremos reuniones informativas con todos los interesados \u200b\u200bsobre los tipos de contratos.<\/p>\n<p>Si eres una persona inquieta y quieres colaborar con la dinamizaci\u00f3n agraria de Busot, puedes apuntarte en QUIERO COLABORAR CON EL BANCO DE TIERRAS. Hemos creado un grupo de whatsapp para apoyar todas las actividades programadas, convocar las reuniones de coordinaci\u00f3n para que puedas participar y proponer iniciativas relacionadas con la educaci\u00f3n y el medio ambiente, la alimentaci\u00f3n saludable y la producci\u00f3n agroecol\u00f3gica.<\/p>\n<div class=\"accordian fusion-accordian\"><div class=\"panel-group\" id=\"accordion-15281-1\"><div class=\"fusion-panel panel-default\"><div class=\"panel-heading\"><h4 class=\"panel-title toggle\"><a data-toggle=\"collapse\" data-parent=\"#accordion-15281-1\" data-target=\"#c8bd51f182fb33cee\" href=\"#c8bd51f182fb33cee\"><div class=\"fusion-toggle-icon-wrapper\"><i class=\"fa-fusion-box\"><\/i><\/div><div class=\"fusion-toggle-heading\">QUIERO INSCRIBIR MIS PARCELAS<\/div><\/a><\/h4><\/div><div id=\"c8bd51f182fb33cee\" class=\"panel-collapse collapse \"><div class=\"panel-body toggle-content\"><div role=\"form\" class=\"wpcf7\" id=\"wpcf7-f15292-o1\" lang=\"es-ES\" dir=\"ltr\">\n<div class=\"screen-reader-response\" role=\"alert\" aria-live=\"polite\"><\/div>\n<form action=\"\/publica\/wp-json\/wp\/v2\/pages\/15281#wpcf7-f15292-o1\" method=\"post\" class=\"wpcf7-form init\" novalidate=\"novalidate\">\n<div style=\"display: none;\">\n<input type=\"hidden\" name=\"_wpcf7\" value=\"15292\" \/>\n<input type=\"hidden\" name=\"_wpcf7_version\" value=\"5.2.1\" \/>\n<input type=\"hidden\" name=\"_wpcf7_locale\" value=\"es_ES\" \/>\n<input type=\"hidden\" name=\"_wpcf7_unit_tag\" value=\"wpcf7-f15292-o1\" \/>\n<input type=\"hidden\" name=\"_wpcf7_container_post\" value=\"0\" \/>\n<input type=\"hidden\" name=\"_wpcf7_posted_data_hash\" value=\"\" \/>\n<input type=\"hidden\" name=\"_wpcf7_recaptcha_response\" value=\"\" \/>\n<\/div>\n<p><label> Tu nombre (obligatorio)<br \/>\n    <span class=\"wpcf7-form-control-wrap nombre3\"><input type=\"text\" name=\"nombre3\" value=\"\" size=\"40\" class=\"wpcf7-form-control wpcf7-text wpcf7-validates-as-required\" aria-required=\"true\" aria-invalid=\"false\" \/><\/span> <\/label><\/p>\n<p><label> DNI\/NIE (obligatorio)<br \/>\n    <span class=\"wpcf7-form-control-wrap dninie3\"><input type=\"text\" name=\"dninie3\" value=\"\" size=\"40\" class=\"wpcf7-form-control wpcf7-text wpcf7-validates-as-required\" aria-required=\"true\" aria-invalid=\"false\" \/><\/span> <\/label><\/p>\n<p><label> Tel\u00e9fono (obligatorio)<br \/>\n    <span class=\"wpcf7-form-control-wrap telefono3\"><input type=\"text\" name=\"telefono3\" value=\"\" size=\"40\" class=\"wpcf7-form-control wpcf7-text wpcf7-validates-as-required\" aria-required=\"true\" aria-invalid=\"false\" \/><\/span> <\/label><\/p>\n<p><label> Tu correo electr\u00f3nico<br \/>\n    <span class=\"wpcf7-form-control-wrap your-email3\"><input type=\"email\" name=\"your-email3\" value=\"\" size=\"40\" class=\"wpcf7-form-control wpcf7-text wpcf7-email wpcf7-validates-as-email\" aria-invalid=\"false\" \/><\/span> <\/label><\/p>\n<p><label> Poblaci\u00f3n (obligatorio)<br \/>\n    <span class=\"wpcf7-form-control-wrap poblacion3\"><input type=\"text\" name=\"poblacion3\" value=\"\" size=\"40\" class=\"wpcf7-form-control wpcf7-text wpcf7-validates-as-required\" aria-required=\"true\" aria-invalid=\"false\" \/><\/span> <\/label><\/p>\n<p><label> Propiedad de inscribe<br \/>\n    <span class=\"wpcf7-form-control-wrap propiedad\"><input type=\"text\" name=\"propiedad\" value=\"\" size=\"40\" class=\"wpcf7-form-control wpcf7-text\" aria-invalid=\"false\" \/><\/span> <\/label><\/p>\n<p><label> Pol\u00edgono<br \/>\n    <span class=\"wpcf7-form-control-wrap poligono\"><input type=\"text\" name=\"poligono\" value=\"\" size=\"40\" class=\"wpcf7-form-control wpcf7-text\" aria-invalid=\"false\" \/><\/span> <\/label><\/p>\n<p><label> Parcela<br \/>\n    <span class=\"wpcf7-form-control-wrap parcela\"><input type=\"text\" name=\"parcela\" value=\"\" size=\"40\" class=\"wpcf7-form-control wpcf7-text\" aria-invalid=\"false\" \/><\/span> <\/label><\/p>\n<p><label> Extensi\u00f3n m2<br \/>\n    <span class=\"wpcf7-form-control-wrap m22\"><input type=\"number\" name=\"m22\" value=\"\" class=\"wpcf7-form-control wpcf7-number wpcf7-validates-as-number\" aria-invalid=\"false\" \/><\/span> <\/label><\/p>\n<p><label> Secano\/Regad\u00edo<br \/>\n   <span class=\"wpcf7-form-control-wrap secanoregadio2\"><select name=\"secanoregadio2\" class=\"wpcf7-form-control wpcf7-select\" aria-invalid=\"false\"><option value=\"Secano\">Secano<\/option><option value=\"Regad\u00edo\">Regad\u00edo<\/option><\/select><\/span> <\/label><\/p>\n<p><label> En Cultivo \/ En Abandono<br \/>\n   <span class=\"wpcf7-form-control-wrap cultivoabandono2\"><select name=\"cultivoabandono2\" class=\"wpcf7-form-control wpcf7-select\" aria-invalid=\"false\"><option value=\"En cultivo\">En cultivo<\/option><option value=\"En abandono\">En abandono<\/option><\/select><\/span> <\/label><\/p>\n<p><label> Tipo de contrato<br \/>\n   <span class=\"wpcf7-form-control-wrap tipo2\"><select name=\"tipo2\" class=\"wpcf7-form-control wpcf7-select\" aria-invalid=\"false\"><option value=\"Alquiler\">Alquiler<\/option><option value=\"Cesi\u00f3n\">Cesi\u00f3n<\/option><option value=\"Aparcer\u00eda\">Aparcer\u00eda<\/option><\/select><\/span> <\/label><\/p>\n<p><span class=\"wpcf7-form-control-wrap acceptance-32\"><span class=\"wpcf7-form-control wpcf7-acceptance\"><span class=\"wpcf7-list-item\"><input type=\"checkbox\" name=\"acceptance-32\" value=\"1\" aria-invalid=\"false\" \/><\/span><\/span><\/span> He le\u00eddo y acepto la <a href=\"https:\/\/busot.es\/publica\/politica-de-privacidad\/\" target=\"_blank\" >pol\u00edtica de privacidad<\/a><\/p>\n<p><input type=\"submit\" value=\"Enviar\" class=\"wpcf7-form-control wpcf7-submit\" \/><\/p>\n<div class=\"wpcf7-response-output\" role=\"alert\" aria-hidden=\"true\"><\/div><\/form><\/div><\/div><\/div><\/div><div class=\"fusion-panel panel-default\"><div class=\"panel-heading\"><h4 class=\"panel-title toggle\"><a data-toggle=\"collapse\" data-parent=\"#accordion-15281-1\" data-target=\"#07b84f581214aca3b\" href=\"#07b84f581214aca3b\"><div class=\"fusion-toggle-icon-wrapper\"><i class=\"fa-fusion-box\"><\/i><\/div><div class=\"fusion-toggle-heading\">QUIERO TIERRAS PARA CULTIVAR<\/div><\/a><\/h4><\/div><div id=\"07b84f581214aca3b\" class=\"panel-collapse collapse \"><div class=\"panel-body toggle-content\"><div role=\"form\" class=\"wpcf7\" id=\"wpcf7-f15290-o2\" lang=\"es-ES\" dir=\"ltr\">\n<div class=\"screen-reader-response\" role=\"alert\" aria-live=\"polite\"><\/div>\n<form action=\"\/publica\/wp-json\/wp\/v2\/pages\/15281#wpcf7-f15290-o2\" method=\"post\" class=\"wpcf7-form init\" novalidate=\"novalidate\">\n<div style=\"display: none;\">\n<input type=\"hidden\" name=\"_wpcf7\" value=\"15290\" \/>\n<input type=\"hidden\" name=\"_wpcf7_version\" value=\"5.2.1\" \/>\n<input type=\"hidden\" name=\"_wpcf7_locale\" value=\"es_ES\" \/>\n<input type=\"hidden\" name=\"_wpcf7_unit_tag\" value=\"wpcf7-f15290-o2\" \/>\n<input type=\"hidden\" name=\"_wpcf7_container_post\" value=\"0\" \/>\n<input type=\"hidden\" name=\"_wpcf7_posted_data_hash\" value=\"\" \/>\n<input type=\"hidden\" name=\"_wpcf7_recaptcha_response\" value=\"\" \/>\n<\/div>\n<p><label> Tu nombre (obligatorio)<br \/>\n    <span class=\"wpcf7-form-control-wrap nombre2\"><input type=\"text\" name=\"nombre2\" value=\"\" size=\"40\" class=\"wpcf7-form-control wpcf7-text wpcf7-validates-as-required\" aria-required=\"true\" aria-invalid=\"false\" \/><\/span> <\/label><\/p>\n<p><label> DNI\/NIE (obligatorio)<br \/>\n    <span class=\"wpcf7-form-control-wrap dninie2\"><input type=\"text\" name=\"dninie2\" value=\"\" size=\"40\" class=\"wpcf7-form-control wpcf7-text wpcf7-validates-as-required\" aria-required=\"true\" aria-invalid=\"false\" \/><\/span> <\/label><\/p>\n<p><label> Tel\u00e9fono (obligatorio)<br \/>\n    <span class=\"wpcf7-form-control-wrap telefono2\"><input type=\"text\" name=\"telefono2\" value=\"\" size=\"40\" class=\"wpcf7-form-control wpcf7-text wpcf7-validates-as-required\" aria-required=\"true\" aria-invalid=\"false\" \/><\/span> <\/label><\/p>\n<p><label> Tu correo electr\u00f3nico<br \/>\n    <span class=\"wpcf7-form-control-wrap your-email2\"><input type=\"email\" name=\"your-email2\" value=\"\" size=\"40\" class=\"wpcf7-form-control wpcf7-text wpcf7-email wpcf7-validates-as-email\" aria-invalid=\"false\" \/><\/span> <\/label><\/p>\n<p><label> Poblaci\u00f3n (obligatorio)<br \/>\n    <span class=\"wpcf7-form-control-wrap poblacion2\"><input type=\"text\" name=\"poblacion2\" value=\"\" size=\"40\" class=\"wpcf7-form-control wpcf7-text wpcf7-validates-as-required\" aria-required=\"true\" aria-invalid=\"false\" \/><\/span> <\/label><\/p>\n<p><label> Extensi\u00f3n m2<br \/>\n    <span class=\"wpcf7-form-control-wrap m2\"><input type=\"number\" name=\"m2\" value=\"\" class=\"wpcf7-form-control wpcf7-number wpcf7-validates-as-number\" aria-invalid=\"false\" \/><\/span> <\/label><\/p>\n<p><label> Secano\/Regad\u00edo<br \/>\n   <span class=\"wpcf7-form-control-wrap secanoregadio\"><select name=\"secanoregadio\" class=\"wpcf7-form-control wpcf7-select\" aria-invalid=\"false\"><option value=\"Secano\">Secano<\/option><option value=\"Regad\u00edo\">Regad\u00edo<\/option><\/select><\/span> <\/label><\/p>\n<p><label> En Cultivo \/ En Abandono<br \/>\n   <span class=\"wpcf7-form-control-wrap cultivoabandono\"><select name=\"cultivoabandono\" class=\"wpcf7-form-control wpcf7-select\" aria-invalid=\"false\"><option value=\"En cultivo\">En cultivo<\/option><option value=\"En abandono\">En abandono<\/option><\/select><\/span> <\/label><\/p>\n<p><label> Tipo de contrato<br \/>\n   <span class=\"wpcf7-form-control-wrap tipo\"><select name=\"tipo\" class=\"wpcf7-form-control wpcf7-select\" aria-invalid=\"false\"><option value=\"Alquiler\">Alquiler<\/option><option value=\"Cesi\u00f3n\">Cesi\u00f3n<\/option><option value=\"Aparcer\u00eda\">Aparcer\u00eda<\/option><\/select><\/span> <\/label><\/p>\n<p><span class=\"wpcf7-form-control-wrap acceptance-31\"><span class=\"wpcf7-form-control wpcf7-acceptance\"><span class=\"wpcf7-list-item\"><input type=\"checkbox\" name=\"acceptance-31\" value=\"1\" aria-invalid=\"false\" \/><\/span><\/span><\/span> He le\u00eddo y acepto la <a href=\"https:\/\/busot.es\/publica\/politica-de-privacidad\/\" target=\"_blank\" >pol\u00edtica de privacidad<\/a><\/p>\n<p><input type=\"submit\" value=\"Enviar\" class=\"wpcf7-form-control wpcf7-submit\" \/><\/p>\n<div class=\"wpcf7-response-output\" role=\"alert\" aria-hidden=\"true\"><\/div><\/form><\/div><\/div><\/div><\/div><div class=\"fusion-panel panel-default\"><div class=\"panel-heading\"><h4 class=\"panel-title toggle\"><a data-toggle=\"collapse\" data-parent=\"#accordion-15281-1\" data-target=\"#33325c93a0aa5b3ff\" href=\"#33325c93a0aa5b3ff\"><div class=\"fusion-toggle-icon-wrapper\"><i class=\"fa-fusion-box\"><\/i><\/div><div class=\"fusion-toggle-heading\">QUIERO COLABORAR<\/div><\/a><\/h4><\/div><div id=\"33325c93a0aa5b3ff\" class=\"panel-collapse collapse \"><div class=\"panel-body toggle-content\"><div role=\"form\" class=\"wpcf7\" id=\"wpcf7-f15288-o3\" lang=\"es-ES\" dir=\"ltr\">\n<div class=\"screen-reader-response\" role=\"alert\" aria-live=\"polite\"><\/div>\n<form action=\"\/publica\/wp-json\/wp\/v2\/pages\/15281#wpcf7-f15288-o3\" method=\"post\" class=\"wpcf7-form init\" novalidate=\"novalidate\">\n<div style=\"display: none;\">\n<input type=\"hidden\" name=\"_wpcf7\" value=\"15288\" \/>\n<input type=\"hidden\" name=\"_wpcf7_version\" value=\"5.2.1\" \/>\n<input type=\"hidden\" name=\"_wpcf7_locale\" value=\"es_ES\" \/>\n<input type=\"hidden\" name=\"_wpcf7_unit_tag\" value=\"wpcf7-f15288-o3\" \/>\n<input type=\"hidden\" name=\"_wpcf7_container_post\" value=\"0\" \/>\n<input type=\"hidden\" name=\"_wpcf7_posted_data_hash\" value=\"\" \/>\n<input type=\"hidden\" name=\"_wpcf7_recaptcha_response\" value=\"\" \/>\n<\/div>\n<p><label> Tu nombre (obligatorio)<br \/>\n    <span class=\"wpcf7-form-control-wrap nombre\"><input type=\"text\" name=\"nombre\" value=\"\" size=\"40\" class=\"wpcf7-form-control wpcf7-text wpcf7-validates-as-required\" aria-required=\"true\" aria-invalid=\"false\" \/><\/span> <\/label><\/p>\n<p><label> DNI\/NIE (obligatorio)<br \/>\n    <span class=\"wpcf7-form-control-wrap dninie\"><input type=\"text\" name=\"dninie\" value=\"\" size=\"40\" class=\"wpcf7-form-control wpcf7-text wpcf7-validates-as-required\" aria-required=\"true\" aria-invalid=\"false\" \/><\/span> <\/label><\/p>\n<p><label> Tel\u00e9fono (obligatorio)<br \/>\n    <span class=\"wpcf7-form-control-wrap telefono\"><input type=\"text\" name=\"telefono\" value=\"\" size=\"40\" class=\"wpcf7-form-control wpcf7-text wpcf7-validates-as-required\" aria-required=\"true\" aria-invalid=\"false\" \/><\/span> <\/label><\/p>\n<p><label> Tu correo electr\u00f3nico<br \/>\n    <span class=\"wpcf7-form-control-wrap your-email\"><input type=\"email\" name=\"your-email\" value=\"\" size=\"40\" class=\"wpcf7-form-control wpcf7-text wpcf7-email wpcf7-validates-as-email\" aria-invalid=\"false\" \/><\/span> <\/label><\/p>\n<p><label> Poblaci\u00f3n (obligatorio)<br \/>\n    <span class=\"wpcf7-form-control-wrap poblacion\"><input type=\"text\" name=\"poblacion\" value=\"\" size=\"40\" class=\"wpcf7-form-control wpcf7-text wpcf7-validates-as-required\" aria-required=\"true\" aria-invalid=\"false\" \/><\/span> <\/label><\/p>\n<p><span class=\"wpcf7-form-control-wrap acceptance-30\"><span class=\"wpcf7-form-control wpcf7-acceptance\"><span class=\"wpcf7-list-item\"><input type=\"checkbox\" name=\"acceptance-30\" value=\"1\" aria-invalid=\"false\" \/><\/span><\/span><\/span> He le\u00eddo y acepto la <a href=\"https:\/\/busot.es\/publica\/politica-de-privacidad\/\" target=\"_blank\" >pol\u00edtica de privacidad<\/a><\/p>\n<p><input type=\"submit\" value=\"Enviar\" class=\"wpcf7-form-control wpcf7-submit\" \/><\/p>\n<div class=\"wpcf7-response-output\" role=\"alert\" aria-hidden=\"true\"><\/div><\/form><\/div><\/div><\/div><\/div><\/div><\/div><\/div><\/div><div class=\"fusion-one-third one_third fusion-layout-column fusion-column-last fusion-spacing-yes\" style=\"margin-top:0px;margin-bottom:20px;\"><div class=\"fusion-column-wrapper\"><p><img loading=\"lazy\" decoding=\"async\" class=\"aligncenter wp-image-15285 \" src=\"https:\/\/busot.es\/publica\/wp-content\/uploads\/2023\/07\/banco_tierras.png\" alt=\"\" width=\"417\" height=\"295\" srcset=\"https:\/\/busot.es\/publica\/wp-content\/uploads\/2023\/07\/banco_tierras.png 600w, https:\/\/busot.es\/publica\/wp-content\/uploads\/2023\/07\/banco_tierras-300x212.png 300w\" sizes=\"(max-width: 417px) 100vw, 417px\" \/><\/p>\n<div class=\"fusion-sep-clear\"><\/div><div class=\"fusion-separator fusion-full-width-sep sep-none\" style=\"border-color:#e0dede;margin-left: auto;margin-right: auto;margin-top:;\"><\/div><div class=\"fusion-button-wrapper\"><style type=\"text\/css\" scoped=\"scoped\">.fusion-button.button-1{width:auto;}<\/style><a class=\"fusion-button button-flat button-round button-large button-red button-1\" target=\"_blank\" href=\"https:\/\/busot.es\/publica\/wp-content\/uploads\/2023\/07\/FASE-I-BDT-Busot-1.pdf\"><span class=\"fusion-button-text\">Documentaci\u00f3n: Fase 1 BDT Busot<\/span><\/a><\/div><\/div><\/div><div class=\"fusion-clearfix\"><\/div>\n","protected":false},"excerpt":{"rendered":"","protected":false},"author":3,"featured_media":0,"parent":11594,"menu_order":0,"comment_status":"closed","ping_status":"closed","template":"","meta":{"_monsterinsights_skip_tracking":false,"_monsterinsights_sitenote_active":false,"_monsterinsights_sitenote_note":"","_monsterinsights_sitenote_category":0,"footnotes":""},"_links":{"self":[{"href":"https:\/\/busot.es\/publica\/wp-json\/wp\/v2\/pages\/15281"}],"collection":[{"href":"https:\/\/busot.es\/publica\/wp-json\/wp\/v2\/pages"}],"about":[{"href":"https:\/\/busot.es\/publica\/wp-json\/wp\/v2\/types\/page"}],"author":[{"embeddable":true,"href":"https:\/\/busot.es\/publica\/wp-json\/wp\/v2\/users\/3"}],"replies":[{"embeddable":true,"href":"https:\/\/busot.es\/publica\/wp-json\/wp\/v2\/comments?post=15281"}],"version-history":[{"count":9,"href":"https:\/\/busot.es\/publica\/wp-json\/wp\/v2\/pages\/15281\/revisions"}],"predecessor-version":[{"id":15308,"href":"https:\/\/busot.es\/publica\/wp-json\/wp\/v2\/pages\/15281\/revisions\/15308"}],"up":[{"embeddable":true,"href":"https:\/\/busot.es\/publica\/wp-json\/wp\/v2\/pages\/11594"}],"wp:attachment":[{"href":"https:\/\/busot.es\/publica\/wp-json\/wp\/v2\/media?parent=15281"}],"curies":[{"name":"wp","href":"https:\/\/api.w.org\/{rel}","templated":true}]}}