{"id":15043,"date":"2022-07-29T12:41:22","date_gmt":"2022-07-29T11:41:22","guid":{"rendered":"https:\/\/busot.es\/publica\/?page_id=15043"},"modified":"2026-08-18T08:17:56","modified_gmt":"2026-08-18T07:17:56","slug":"agenda-de-eventos","status":"publish","type":"page","link":"https:\/\/busot.es\/publica\/infobusot\/agenda-de-eventos\/","title":{"rendered":"Agenda de Eventos"},"content":{"rendered":"<div>\n<div class=\"capa_izq expb_ancho_total expb_espacio_top_10\">\n<article class=\"cultural-program\">&nbsp;<\/p>\n<\/article>\n<\/div>\n<\/div>\n<article class=\"cultural-program\">\n<h1 class=\"lang-text\">Programa Cultural Agosto<\/h1>\n<\/article>\n<div>\n<div class=\"capa_izq expb_ancho_total expb_espacio_top_10\">\n<p><img loading=\"lazy\" decoding=\"async\" class=\"alignleft wp-image-16234 \" src=\"https:\/\/busot.es\/publica\/wp-content\/uploads\/2026\/07\/PROGRAMA-AGOSTO-2026-1024x1024.jpeg\" alt=\"\" width=\"390\" height=\"390\" srcset=\"https:\/\/busot.es\/publica\/wp-content\/uploads\/2026\/07\/PROGRAMA-AGOSTO-2026-1024x1024.jpeg 1024w, https:\/\/busot.es\/publica\/wp-content\/uploads\/2026\/07\/PROGRAMA-AGOSTO-2026-300x300.jpeg 300w, https:\/\/busot.es\/publica\/wp-content\/uploads\/2026\/07\/PROGRAMA-AGOSTO-2026-150x150.jpeg 150w, https:\/\/busot.es\/publica\/wp-content\/uploads\/2026\/07\/PROGRAMA-AGOSTO-2026-768x768.jpeg 768w, https:\/\/busot.es\/publica\/wp-content\/uploads\/2026\/07\/PROGRAMA-AGOSTO-2026-66x66.jpeg 66w, https:\/\/busot.es\/publica\/wp-content\/uploads\/2026\/07\/PROGRAMA-AGOSTO-2026.jpeg 1080w\" sizes=\"auto, (max-width: 390px) 100vw, 390px\" \/><a href=\"https:\/\/busot.es\/publica\/wp-content\/uploads\/2026\/07\/PROGRAMA-AGOSTO-2026.jpeg\" target=\"_blank\" rel=\"noopener\"><img decoding=\"async\" class=\"emoji\" role=\"img\" draggable=\"false\" src=\"https:\/\/s.w.org\/images\/core\/emoji\/17.0.2\/svg\/1f1ea-1f1f8.svg\" alt=\"&#x1f1ea;&#x1f1f8;\" \/> AGOSTO EN BUSOT [+ info]<\/a><\/p>\n<article class=\"cultural-program\">\n<p class=\"lang-text\">Este mes disfrutamos de conciertos, teatro, fiestas, tradici\u00f3n y cine.<\/p>\n<p class=\"lang-title\"><a href=\"https:\/\/busot.es\/publica\/wp-content\/uploads\/2026\/07\/PROGRAMA-AGOSTO-2026.jpeg\" target=\"_blank\" rel=\"noopener\">Valenci\u00e0: AGOST A BUSOT [+ info]<\/a><\/p>\n<p class=\"lang-text\">Aquest mes gaudim de concerts, teatre, festes, tradici\u00f3 i cinema.<\/p>\n<p class=\"lang-title\"><a href=\"https:\/\/busot.es\/publica\/wp-content\/uploads\/2026\/07\/PROGRAMA-AGOSTO-2026-ingles.jpeg\" target=\"_blank\" rel=\"noopener\" data-wp-editing=\"1\"><img decoding=\"async\" class=\"emoji\" role=\"img\" draggable=\"false\" src=\"https:\/\/s.w.org\/images\/core\/emoji\/17.0.2\/svg\/1f1ec-1f1e7.svg\" alt=\"&#x1f1ec;&#x1f1e7;\" \/> AUGUST IN BUSOT [+ info]<\/a><\/p>\n<p class=\"lang-text\">This month, enjoy concerts, theatre, local festivities, tradition and cinema.<\/p>\n<p class=\"lang-title\"><a href=\"https:\/\/busot.es\/publica\/wp-content\/uploads\/2026\/07\/juillet-2026.jpeg\" target=\"_blank\" rel=\"noopener\"><img decoding=\"async\" class=\"emoji\" role=\"img\" draggable=\"false\" src=\"https:\/\/s.w.org\/images\/core\/emoji\/17.0.2\/svg\/1f1eb-1f1f7.svg\" alt=\"&#x1f1eb;&#x1f1f7;\" \/><\/a><a href=\"https:\/\/busot.es\/publica\/wp-content\/uploads\/2026\/07\/PROGRAMA-AGOSTO-2026-frances.jpeg\" target=\"_blank\" rel=\"noopener\">AO\u00dbT \u00c0 BUSOT[+info]<\/a><\/p>\n<p class=\"lang-text\">Ce mois-ci, nous profitons du concerts, th\u00e9\u00e2tre, des f\u00eates, de la tradition et du cin\u00e9ma.<\/p>\n<p class=\"lang-title\"><a href=\"https:\/\/busot.es\/publica\/wp-content\/uploads\/2026\/07\/PROGRAMA-AGOSTO-2026-aleman.jpeg\" target=\"_blank\" rel=\"noopener\"><img decoding=\"async\" class=\"emoji\" role=\"img\" draggable=\"false\" src=\"https:\/\/s.w.org\/images\/core\/emoji\/17.0.2\/svg\/1f1e9-1f1ea.svg\" alt=\"&#x1f1e9;&#x1f1ea;\" \/> AUGUST IN BUSOT [+info]<\/a><\/p>\n<p class=\"lang-text\">Diesen Monat genie\u00dfen wir Konzerte, Theater, Partys, Tradition und Kino.<\/p>\n<p>&nbsp;<\/p>\n<\/article>\n<\/div>\n<\/div>\n<article><\/article>\n<div>\n<div class=\"capa_izq expb_ancho_total expb_espacio_top_10\">\n<div class=\"capa_izq ancho_total RGM2_espacio_top_10 mrp_texto_nombre_V6\" title=\"[26866] TRIBUTO ALEJANDRO SANZ\">\n<hr \/>\n<\/div>\n<article class=\"cultural-program\">\n<div class=\"sant-llorenc-pagina\" style=\"width: 100%;\">\n<div class=\"sant-llorenc-columnas\" style=\"display: flex; flex-wrap: wrap; gap: 35px; align-items: flex-start; width: 100%;\">\n<article class=\"cultural-program\" style=\"flex: 2 1 550px; min-width: 0;\">&nbsp;<\/p>\n<\/article>\n<\/div>\n<\/div>\n<\/article>\n<\/div>\n<\/div>\n","protected":false},"excerpt":{"rendered":"<p>&nbsp; Programa Cultural Agosto AGOSTO EN BUSOT [+ info] Este mes disfrutamos de conciertos, teatro, fiestas, tradici\u00f3n y cine. Valenci\u00e0: AGOST A BUSOT [+ info] Aquest mes gaudim de concerts, teatre, festes, tradici\u00f3 i cinema. AUGUST IN BUSOT [+ info] This month, enjoy concerts, theatre, local festivities, tradition and cinema. AO\u00dbT \u00c0 BUSOT[+info] Ce mois-ci, [&hellip;]<\/p>\n","protected":false},"author":3,"featured_media":0,"parent":11565,"menu_order":0,"comment_status":"closed","ping_status":"closed","template":"","meta":{"_monsterinsights_skip_tracking":false,"footnotes":""},"class_list":["post-15043","page","type-page","status-publish","hentry"],"_links":{"self":[{"href":"https:\/\/busot.es\/publica\/wp-json\/wp\/v2\/pages\/15043","targetHints":{"allow":["GET"]}}],"collection":[{"href":"https:\/\/busot.es\/publica\/wp-json\/wp\/v2\/pages"}],"about":[{"href":"https:\/\/busot.es\/publica\/wp-json\/wp\/v2\/types\/page"}],"author":[{"embeddable":true,"href":"https:\/\/busot.es\/publica\/wp-json\/wp\/v2\/users\/3"}],"replies":[{"embeddable":true,"href":"https:\/\/busot.es\/publica\/wp-json\/wp\/v2\/comments?post=15043"}],"version-history":[{"count":39,"href":"https:\/\/busot.es\/publica\/wp-json\/wp\/v2\/pages\/15043\/revisions"}],"predecessor-version":[{"id":16303,"href":"https:\/\/busot.es\/publica\/wp-json\/wp\/v2\/pages\/15043\/revisions\/16303"}],"up":[{"embeddable":true,"href":"https:\/\/busot.es\/publica\/wp-json\/wp\/v2\/pages\/11565"}],"wp:attachment":[{"href":"https:\/\/busot.es\/publica\/wp-json\/wp\/v2\/media?parent=15043"}],"curies":[{"name":"wp","href":"https:\/\/api.w.org\/{rel}","templated":true}]}}

<div>
<div class="capa_izq expb_ancho_total expb_espacio_top_10">
<article class="cultural-program">&nbsp;</p>
</article>
</div>
</div>
<article class="cultural-program">
<h1 class="lang-text">Programa Cultural Agosto</h1>
</article>
<div>
<div class="capa_izq expb_ancho_total expb_espacio_top_10">
<p><img loading="lazy" decoding="async" class="alignleft wp-image-16234 " src="https://busot.es/publica/wp-content/uploads/2026/07/PROGRAMA-AGOSTO-2026-1024x1024.jpeg" alt="" width="390" height="390" srcset="https://busot.es/publica/wp-content/uploads/2026/07/PROGRAMA-AGOSTO-2026-1024x1024.jpeg 1024w, https://busot.es/publica/wp-content/uploads/2026/07/PROGRAMA-AGOSTO-2026-300x300.jpeg 300w, https://busot.es/publica/wp-content/uploads/2026/07/PROGRAMA-AGOSTO-2026-150x150.jpeg 150w, https://busot.es/publica/wp-content/uploads/2026/07/PROGRAMA-AGOSTO-2026-768x768.jpeg 768w, https://busot.es/publica/wp-content/uploads/2026/07/PROGRAMA-AGOSTO-2026-66x66.jpeg 66w, https://busot.es/publica/wp-content/uploads/2026/07/PROGRAMA-AGOSTO-2026.jpeg 1080w" sizes="auto, (max-width: 390px) 100vw, 390px" /><a href="https://busot.es/publica/wp-content/uploads/2026/07/PROGRAMA-AGOSTO-2026.jpeg" target="_blank" rel="noopener"><img decoding="async" class="emoji" role="img" draggable="false" src="https://s.w.org/images/core/emoji/17.0.2/svg/1f1ea-1f1f8.svg" alt="&#x1f1ea;&#x1f1f8;" /> AGOSTO EN BUSOT [+ info]</a></p>
<article class="cultural-program">
<p class="lang-text">Este mes disfrutamos de conciertos, teatro, fiestas, tradición y cine.</p>
<p class="lang-title"><a href="https://busot.es/publica/wp-content/uploads/2026/07/PROGRAMA-AGOSTO-2026.jpeg" target="_blank" rel="noopener">Valencià: AGOST A BUSOT [+ info]</a></p>
<p class="lang-text">Aquest mes gaudim de concerts, teatre, festes, tradició i cinema.</p>
<p class="lang-title"><a href="https://busot.es/publica/wp-content/uploads/2026/07/PROGRAMA-AGOSTO-2026-ingles.jpeg" target="_blank" rel="noopener" data-wp-editing="1"><img decoding="async" class="emoji" role="img" draggable="false" src="https://s.w.org/images/core/emoji/17.0.2/svg/1f1ec-1f1e7.svg" alt="&#x1f1ec;&#x1f1e7;" /> AUGUST IN BUSOT [+ info]</a></p>
<p class="lang-text">This month, enjoy concerts, theatre, local festivities, tradition and cinema.</p>
<p class="lang-title"><a href="https://busot.es/publica/wp-content/uploads/2026/07/juillet-2026.jpeg" target="_blank" rel="noopener"><img decoding="async" class="emoji" role="img" draggable="false" src="https://s.w.org/images/core/emoji/17.0.2/svg/1f1eb-1f1f7.svg" alt="&#x1f1eb;&#x1f1f7;" /></a><a href="https://busot.es/publica/wp-content/uploads/2026/07/PROGRAMA-AGOSTO-2026-frances.jpeg" target="_blank" rel="noopener">AOÛT À BUSOT[+info]</a></p>
<p class="lang-text">Ce mois-ci, nous profitons du concerts, théâtre, des fêtes, de la tradition et du cinéma.</p>
<p class="lang-title"><a href="https://busot.es/publica/wp-content/uploads/2026/07/PROGRAMA-AGOSTO-2026-aleman.jpeg" target="_blank" rel="noopener"><img decoding="async" class="emoji" role="img" draggable="false" src="https://s.w.org/images/core/emoji/17.0.2/svg/1f1e9-1f1ea.svg" alt="&#x1f1e9;&#x1f1ea;" /> AUGUST IN BUSOT [+info]</a></p>
<p class="lang-text">Diesen Monat genießen wir Konzerte, Theater, Partys, Tradition und Kino.</p>
<p>&nbsp;</p>
</article>
</div>
</div>
<article></article>
<div>
<div class="capa_izq expb_ancho_total expb_espacio_top_10">
<div class="capa_izq ancho_total RGM2_espacio_top_10 mrp_texto_nombre_V6" title="[26866] TRIBUTO ALEJANDRO SANZ">
<hr />
</div>
<article class="cultural-program">
<div class="sant-llorenc-pagina" style="width: 100%;">
<div class="sant-llorenc-columnas" style="display: flex; flex-wrap: wrap; gap: 35px; align-items: flex-start; width: 100%;">
<article class="cultural-program" style="flex: 2 1 550px; min-width: 0;">&nbsp;</p>
</article>
</div>
</div>
</article>
</div>
</div>

<p>&nbsp; Programa Cultural Agosto AGOSTO EN BUSOT [+ info] Este mes disfrutamos de conciertos, teatro, fiestas, tradición y cine. Valencià: AGOST A BUSOT [+ info] Aquest mes gaudim de concerts, teatre, festes, tradició i cinema. AUGUST IN BUSOT [+ info] This month, enjoy concerts, theatre, local festivities, tradition and cinema. AOÛT À BUSOT[+info] Ce mois-ci, [&hellip;]</p>
