{"id":14661,"date":"2020-11-24T18:34:40","date_gmt":"2020-11-24T17:34:40","guid":{"rendered":"https:\/\/busot.es\/publica\/?page_id=14661"},"modified":"2020-11-24T18:37:11","modified_gmt":"2020-11-24T17:37:11","slug":"cultura","status":"publish","type":"page","link":"https:\/\/busot.es\/publica\/concejalias\/cultura\/","title":{"rendered":"Cultura"},"content":{"rendered":"<p>Desde esta concejal\u00eda nos vamos a centrar en promover y difundir una oferta cultural amplia para todos los p\u00fablicos.<\/p>\n<p>La biblioteca p\u00fablica municipal: su objetivo es satisfacer las necesidades formativas y de ocio de nuestra poblaci\u00f3n, donde encontraras todas las novedades de ultima actualidad en novelas. Tiene una sala de estudios y lecturas.<\/p>\n<p>Pondr\u00e1n adquirir los libros de pr\u00e9stamo todos los Socios que tenga el Carnet de la Red de Lectura P\u00fablica Valenciana, o carnet de la Biblioteca de Busot. Renovaci\u00f3n de libros de pr\u00e9stamo, renovaciones de carnet de socio y actualizaciones de datos personales. Si a\u00fan no lo tienes pasa por la Biblioteca y h\u00e1ctelo.<\/p>\n<p>En la Red de Lectura P\u00fablica Valenciana podr\u00e1s encontrar todo el cat\u00e1logo o fondos de la Biblioteca de Busot, Direcci\u00f3n: <strong>biblioportal.cultu@gva.es<\/strong><\/p>\n<p>En la casa de cultura se realizan, cursos, charlas, teatros conciertos, reuniones de diversas asociaciones de nuestro municipio y toda clase de eventos.<\/p>\n<p>Dispone tambi\u00e9n de oficina de Informaci\u00f3n General, asesoramiento, orientaci\u00f3n y ayuda en la gesti\u00f3n de tr\u00e1mites y citas con organismos oficiales.<\/p>\n<p>Cajero del Servef donde puedes realizar los siguientes tramites como la realizaci\u00f3n de cita previa para el <strong>SEPE<\/strong> y el <strong>LABORA<\/strong> (<strong>SERVEF<\/strong>), renovaci\u00f3n y obtenci\u00f3n del <strong>DARDE<\/strong>, informes de situaci\u00f3n de desempleo, etc.<\/p>\n<p>Ordenador de uso p\u00fablico para consultas y gestiones publicas al ciudadano como: Citas previas del D.N.I.\u00a0 Pasaportes, Trafico, Renta, Hacienda, Seguridad Social etc. con posibilidad de la ayuda del personal de la Casa Cultura.<\/p>\n<p>Sala de ordenadores de uso p\u00fablico para trabajos personales, trabajos escolares, trabajos de estudios y b\u00fasquedas por internet.<\/p>\n<p>Zona wifi de alta velocidad de conexi\u00f3n gratuita (libre).<\/p>\n<p>Realizaci\u00f3n de clases de espa\u00f1ol para extranjeros dos d\u00edas a la semana. (martes y jueves de 9:30h a 13:30h.)<\/p>\n<p>Realizaci\u00f3n de clases de apoyo escolar para los cursos de primaria, Secundaria y bachillerato, hasta Finalizar Curso 2020-2021<\/p>\n<p>(martes y jueves de 17:30 a 19:30 h.)<\/p>\n<p>Realizaci\u00f3n de clases de yoga promovida por la asociaci\u00f3n de mujeres, divididas en grupos dos d\u00edas a la semana, (lunes y mi\u00e9rcoles de 17:30h. a 20:00h.)<\/p>\n<p>Salas de Reuniones para uso p\u00fablico, previa solicitud y aprobaci\u00f3n por la Concejal\u00eda de Cultura.<\/p>\n<ul>\n<li><strong>Departamento de Servicios Sociales.<\/strong><\/li>\n<li><strong>Agencia de Empleo y Desarrollo Local.<\/strong><\/li>\n<\/ul>\n<p><strong>Galer\u00eda de fotos<\/strong><\/p>\n<div class=\"su-custom-gallery su-custom-gallery-title-never su-lightbox-gallery\"><div class=\"su-custom-gallery-slide\"><a href=\"https:\/\/busot.es\/publica\/wp-content\/uploads\/2020\/11\/BIBLIOTECA-1.jpeg\" title=\"BIBLIOTECA 1\"><img loading=\"lazy\" decoding=\"async\" src=\"https:\/\/busot.es\/publica\/wp-content\/uploads\/2020\/11\/BIBLIOTECA-1-230x200.jpeg\" alt=\"BIBLIOTECA 1\" width=\"230\" height=\"200\" \/><span class=\"su-custom-gallery-title\">BIBLIOTECA 1<\/span><\/a><\/div><div class=\"su-custom-gallery-slide\"><a href=\"https:\/\/busot.es\/publica\/wp-content\/uploads\/2020\/11\/CAJERO-SERVEF.jpeg\" title=\"CAJERO SERVEF\"><img loading=\"lazy\" decoding=\"async\" src=\"https:\/\/busot.es\/publica\/wp-content\/uploads\/2020\/11\/CAJERO-SERVEF-230x200.jpeg\" alt=\"CAJERO SERVEF\" width=\"230\" height=\"200\" \/><span class=\"su-custom-gallery-title\">CAJERO SERVEF<\/span><\/a><\/div><div class=\"su-custom-gallery-slide\"><a href=\"https:\/\/busot.es\/publica\/wp-content\/uploads\/2020\/11\/CONSERGERIA-INFORMACION.jpeg\" title=\"CONSERGERIA-INFORMACION\"><img loading=\"lazy\" decoding=\"async\" src=\"https:\/\/busot.es\/publica\/wp-content\/uploads\/2020\/11\/CONSERGERIA-INFORMACION-230x200.jpeg\" alt=\"CONSERGERIA-INFORMACION\" width=\"230\" height=\"200\" \/><span class=\"su-custom-gallery-title\">CONSERGERIA-INFORMACION<\/span><\/a><\/div><div class=\"su-custom-gallery-slide\"><a href=\"https:\/\/busot.es\/publica\/wp-content\/uploads\/2020\/11\/ORDENADOR-PUBLICO.jpeg\" title=\"ORDENADOR PUBLICO\"><img loading=\"lazy\" decoding=\"async\" src=\"https:\/\/busot.es\/publica\/wp-content\/uploads\/2020\/11\/ORDENADOR-PUBLICO-230x200.jpeg\" alt=\"ORDENADOR PUBLICO\" width=\"230\" height=\"200\" \/><span class=\"su-custom-gallery-title\">ORDENADOR PUBLICO<\/span><\/a><\/div><div class=\"su-custom-gallery-slide\"><a href=\"https:\/\/busot.es\/publica\/wp-content\/uploads\/2020\/11\/SALA-DE-ESTUDIO-1.jpeg\" title=\"SALA DE ESTUDIO 1\"><img loading=\"lazy\" decoding=\"async\" src=\"https:\/\/busot.es\/publica\/wp-content\/uploads\/2020\/11\/SALA-DE-ESTUDIO-1-230x200.jpeg\" alt=\"SALA DE ESTUDIO 1\" width=\"230\" height=\"200\" \/><span class=\"su-custom-gallery-title\">SALA DE ESTUDIO 1<\/span><\/a><\/div><div class=\"su-custom-gallery-slide\"><a href=\"https:\/\/busot.es\/publica\/wp-content\/uploads\/2020\/11\/SALA-DE-ESTUDIO-2.jpeg\" title=\"SALA DE ESTUDIO 2\"><img loading=\"lazy\" decoding=\"async\" src=\"https:\/\/busot.es\/publica\/wp-content\/uploads\/2020\/11\/SALA-DE-ESTUDIO-2-230x200.jpeg\" alt=\"SALA DE ESTUDIO 2\" width=\"230\" height=\"200\" \/><span class=\"su-custom-gallery-title\">SALA DE ESTUDIO 2<\/span><\/a><\/div><div class=\"su-custom-gallery-slide\"><a href=\"https:\/\/busot.es\/publica\/wp-content\/uploads\/2020\/11\/SALA-INFORMATICA-1.jpeg\" title=\"SALA INFORMATICA 1\"><img loading=\"lazy\" decoding=\"async\" src=\"https:\/\/busot.es\/publica\/wp-content\/uploads\/2020\/11\/SALA-INFORMATICA-1-230x200.jpeg\" alt=\"SALA INFORMATICA 1\" width=\"230\" height=\"200\" \/><span class=\"su-custom-gallery-title\">SALA INFORMATICA 1<\/span><\/a><\/div><div class=\"su-custom-gallery-slide\"><a href=\"https:\/\/busot.es\/publica\/wp-content\/uploads\/2020\/11\/SALA-REUNIONES-1.jpeg\" title=\"SALA REUNIONES 1\"><img loading=\"lazy\" decoding=\"async\" src=\"https:\/\/busot.es\/publica\/wp-content\/uploads\/2020\/11\/SALA-REUNIONES-1-230x200.jpeg\" alt=\"SALA REUNIONES 1\" width=\"230\" height=\"200\" \/><span class=\"su-custom-gallery-title\">SALA REUNIONES 1<\/span><\/a><\/div><div class=\"su-custom-gallery-slide\"><a href=\"https:\/\/busot.es\/publica\/wp-content\/uploads\/2020\/11\/SALA-REUNIONES-2.jpeg\" title=\"SALA REUNIONES 2\"><img loading=\"lazy\" decoding=\"async\" src=\"https:\/\/busot.es\/publica\/wp-content\/uploads\/2020\/11\/SALA-REUNIONES-2-230x200.jpeg\" alt=\"SALA REUNIONES 2\" width=\"230\" height=\"200\" \/><span class=\"su-custom-gallery-title\">SALA REUNIONES 2<\/span><\/a><\/div><div class=\"su-custom-gallery-slide\"><a href=\"https:\/\/busot.es\/publica\/wp-content\/uploads\/2020\/11\/SALON-DE-ACTOS.jpeg\" title=\"SALON DE ACTOS\"><img loading=\"lazy\" decoding=\"async\" src=\"https:\/\/busot.es\/publica\/wp-content\/uploads\/2020\/11\/SALON-DE-ACTOS-230x200.jpeg\" alt=\"SALON DE ACTOS\" width=\"230\" height=\"200\" \/><span class=\"su-custom-gallery-title\">SALON DE ACTOS<\/span><\/a><\/div><div class=\"su-clear\"><\/div><\/div>\n","protected":false},"excerpt":{"rendered":"<p>Desde esta concejal\u00eda nos vamos a centrar en promover y difundir una oferta cultural amplia para todos los p\u00fablicos. La biblioteca p\u00fablica municipal: su objetivo es satisfacer las necesidades formativas y de ocio de nuestra poblaci\u00f3n, donde encontraras todas las novedades de ultima actualidad en novelas. Tiene una sala de estudios y lecturas. Pondr\u00e1n adquirir [&hellip;]<\/p>\n","protected":false},"author":3,"featured_media":0,"parent":11600,"menu_order":0,"comment_status":"closed","ping_status":"closed","template":"","meta":{"_monsterinsights_skip_tracking":false,"_monsterinsights_sitenote_active":false,"_monsterinsights_sitenote_note":"","_monsterinsights_sitenote_category":0,"footnotes":""},"_links":{"self":[{"href":"https:\/\/busot.es\/publica\/wp-json\/wp\/v2\/pages\/14661"}],"collection":[{"href":"https:\/\/busot.es\/publica\/wp-json\/wp\/v2\/pages"}],"about":[{"href":"https:\/\/busot.es\/publica\/wp-json\/wp\/v2\/types\/page"}],"author":[{"embeddable":true,"href":"https:\/\/busot.es\/publica\/wp-json\/wp\/v2\/users\/3"}],"replies":[{"embeddable":true,"href":"https:\/\/busot.es\/publica\/wp-json\/wp\/v2\/comments?post=14661"}],"version-history":[{"count":3,"href":"https:\/\/busot.es\/publica\/wp-json\/wp\/v2\/pages\/14661\/revisions"}],"predecessor-version":[{"id":14674,"href":"https:\/\/busot.es\/publica\/wp-json\/wp\/v2\/pages\/14661\/revisions\/14674"}],"up":[{"embeddable":true,"href":"https:\/\/busot.es\/publica\/wp-json\/wp\/v2\/pages\/11600"}],"wp:attachment":[{"href":"https:\/\/busot.es\/publica\/wp-json\/wp\/v2\/media?parent=14661"}],"curies":[{"name":"wp","href":"https:\/\/api.w.org\/{rel}","templated":true}]}}