{"id":12045,"date":"2016-04-30T21:04:40","date_gmt":"2016-04-30T20:04:40","guid":{"rendered":"https:\/\/busot.es\/publica\/?page_id=12045"},"modified":"2020-11-24T18:33:52","modified_gmt":"2020-11-24T17:33:52","slug":"mujer-e-igualdad","status":"publish","type":"page","link":"https:\/\/busot.es\/publica\/concejalias\/mujer-e-igualdad\/","title":{"rendered":"Mujer e Igualdad"},"content":{"rendered":"<p>Alcanzar la igualdad de oportunidades entre mujeres y hombres no es f\u00e1cil, pero desde este ayuntamiento se apoya a la mujer en su intento, como entidad p\u00fablica debemos participar en la creaci\u00f3n de una sociedad m\u00e1s equitativa.<\/p>\n<p>Desde esta concejal\u00eda se van a realizar cuantas charlas sean demandadas al respecto o sean interesantes para las mujeres de nuestro municipio, adem\u00e1s de cursos para el empoderamiento.<\/p>\n<p>Es importante sensibilizar a la opini\u00f3n p\u00fablica para conseguir una sociedad que rechace la violencia y discriminaci\u00f3n contra la mujer.<\/p>\n<p>Se van a favorecer todas las iniciativas de las asociaciones existentes en nuestro municipio:<\/p>\n<ul>\n<li><strong>Asoc. de Mujeres Gitanas de Busot.<\/strong><\/li>\n<li><strong>Asoc. de Mujeres de Busot.<\/strong><\/li>\n<\/ul>\n<p>En definitiva, estar al lado de las mujeres de nuestro pueblo.<\/p>\n<p><strong>Galer\u00eda de fotos<\/strong><\/p>\n<div class=\"su-custom-gallery su-custom-gallery-title-never su-lightbox-gallery\"><div class=\"su-custom-gallery-slide\"><a href=\"https:\/\/busot.es\/publica\/wp-content\/uploads\/2016\/04\/100_9996.jpg\" title=\"100_9996\"><img loading=\"lazy\" decoding=\"async\" src=\"https:\/\/busot.es\/publica\/wp-content\/uploads\/2016\/04\/100_9996-230x200.jpg\" alt=\"100_9996\" width=\"230\" height=\"200\" \/><span class=\"su-custom-gallery-title\">100_9996<\/span><\/a><\/div><div class=\"su-custom-gallery-slide\"><a href=\"https:\/\/busot.es\/publica\/wp-content\/uploads\/2016\/04\/FOTO-588.jpg\" title=\"FOTO  (588)\"><img loading=\"lazy\" decoding=\"async\" src=\"https:\/\/busot.es\/publica\/wp-content\/uploads\/2016\/04\/FOTO-588-230x200.jpg\" alt=\"FOTO  (588)\" width=\"230\" height=\"200\" \/><span class=\"su-custom-gallery-title\">FOTO  (588)<\/span><\/a><\/div><div class=\"su-custom-gallery-slide\"><a href=\"https:\/\/busot.es\/publica\/wp-content\/uploads\/2016\/04\/foto-mujeres-2.jpg\" title=\"foto mujeres 2\"><img loading=\"lazy\" decoding=\"async\" src=\"https:\/\/busot.es\/publica\/wp-content\/uploads\/2016\/04\/foto-mujeres-2-230x200.jpg\" alt=\"foto mujeres 2\" width=\"230\" height=\"200\" \/><span class=\"su-custom-gallery-title\">foto mujeres 2<\/span><\/a><\/div><div class=\"su-custom-gallery-slide\"><a href=\"https:\/\/busot.es\/publica\/wp-content\/uploads\/2020\/11\/DSC_1063-scaled.jpg\" title=\"DSC_1063\"><img loading=\"lazy\" decoding=\"async\" src=\"https:\/\/busot.es\/publica\/wp-content\/uploads\/2020\/11\/DSC_1063-scaled.jpg\" alt=\"DSC_1063\" width=\"230\" height=\"200\" \/><span class=\"su-custom-gallery-title\">DSC_1063<\/span><\/a><\/div><div class=\"su-custom-gallery-slide\"><a href=\"https:\/\/busot.es\/publica\/wp-content\/uploads\/2020\/11\/IMG_20190306_183933-scaled.jpg\" title=\"IMG_20190306_183933\"><img loading=\"lazy\" decoding=\"async\" src=\"https:\/\/busot.es\/publica\/wp-content\/uploads\/2020\/11\/IMG_20190306_183933-scaled.jpg\" alt=\"IMG_20190306_183933\" width=\"230\" height=\"200\" \/><span class=\"su-custom-gallery-title\">IMG_20190306_183933<\/span><\/a><\/div><div class=\"su-custom-gallery-slide\"><a href=\"https:\/\/busot.es\/publica\/wp-content\/uploads\/2020\/11\/IMG_20190308_192845-scaled.jpg\" title=\"IMG_20190308_192845\"><img loading=\"lazy\" decoding=\"async\" src=\"https:\/\/busot.es\/publica\/wp-content\/uploads\/2020\/11\/IMG_20190308_192845-scaled.jpg\" alt=\"IMG_20190308_192845\" width=\"230\" height=\"200\" \/><span class=\"su-custom-gallery-title\">IMG_20190308_192845<\/span><\/a><\/div><div class=\"su-custom-gallery-slide\"><a href=\"https:\/\/busot.es\/publica\/wp-content\/uploads\/2020\/11\/IMG_20190308_201005-scaled.jpg\" title=\"IMG_20190308_201005\"><img loading=\"lazy\" decoding=\"async\" src=\"https:\/\/busot.es\/publica\/wp-content\/uploads\/2020\/11\/IMG_20190308_201005-scaled.jpg\" alt=\"IMG_20190308_201005\" width=\"230\" height=\"200\" \/><span class=\"su-custom-gallery-title\">IMG_20190308_201005<\/span><\/a><\/div><div class=\"su-custom-gallery-slide\"><a href=\"https:\/\/busot.es\/publica\/wp-content\/uploads\/2020\/11\/IMG_20190610_191825-scaled.jpg\" title=\"IMG_20190610_191825\"><img loading=\"lazy\" decoding=\"async\" src=\"https:\/\/busot.es\/publica\/wp-content\/uploads\/2020\/11\/IMG_20190610_191825-scaled.jpg\" alt=\"IMG_20190610_191825\" width=\"230\" height=\"200\" \/><span class=\"su-custom-gallery-title\">IMG_20190610_191825<\/span><\/a><\/div><div class=\"su-custom-gallery-slide\"><a href=\"https:\/\/busot.es\/publica\/wp-content\/uploads\/2020\/11\/TALLER-COCINA-ASC.-MUJERES-GU\u00d1UELOS-8-8-2019-35-scaled.jpg\" title=\"TALLER COCINA ASC. MUJERES GU\u00d1UELOS 8-8-2019 (35)\"><img loading=\"lazy\" decoding=\"async\" src=\"https:\/\/busot.es\/publica\/wp-content\/uploads\/2020\/11\/TALLER-COCINA-ASC.-MUJERES-GU\u00d1UELOS-8-8-2019-35-scaled.jpg\" alt=\"TALLER COCINA ASC. MUJERES GU\u00d1UELOS 8-8-2019 (35)\" width=\"230\" height=\"200\" \/><span class=\"su-custom-gallery-title\">TALLER COCINA ASC. MUJERES GU\u00d1UELOS 8-8-2019 (35)<\/span><\/a><\/div><div class=\"su-clear\"><\/div><\/div>\n<p>&nbsp;<\/p>\n","protected":false},"excerpt":{"rendered":"<p>Alcanzar la igualdad de oportunidades entre mujeres y hombres no es f\u00e1cil, pero desde este ayuntamiento se apoya a la mujer en su intento, como entidad p\u00fablica debemos participar en la creaci\u00f3n de una sociedad m\u00e1s equitativa. Desde esta concejal\u00eda se van a realizar cuantas charlas sean demandadas al respecto o sean interesantes para las [&hellip;]<\/p>\n","protected":false},"author":2,"featured_media":0,"parent":11600,"menu_order":0,"comment_status":"closed","ping_status":"closed","template":"","meta":{"_monsterinsights_skip_tracking":false,"_monsterinsights_sitenote_active":false,"_monsterinsights_sitenote_note":"","_monsterinsights_sitenote_category":0,"footnotes":""},"_links":{"self":[{"href":"https:\/\/busot.es\/publica\/wp-json\/wp\/v2\/pages\/12045"}],"collection":[{"href":"https:\/\/busot.es\/publica\/wp-json\/wp\/v2\/pages"}],"about":[{"href":"https:\/\/busot.es\/publica\/wp-json\/wp\/v2\/types\/page"}],"author":[{"embeddable":true,"href":"https:\/\/busot.es\/publica\/wp-json\/wp\/v2\/users\/2"}],"replies":[{"embeddable":true,"href":"https:\/\/busot.es\/publica\/wp-json\/wp\/v2\/comments?post=12045"}],"version-history":[{"count":5,"href":"https:\/\/busot.es\/publica\/wp-json\/wp\/v2\/pages\/12045\/revisions"}],"predecessor-version":[{"id":14660,"href":"https:\/\/busot.es\/publica\/wp-json\/wp\/v2\/pages\/12045\/revisions\/14660"}],"up":[{"embeddable":true,"href":"https:\/\/busot.es\/publica\/wp-json\/wp\/v2\/pages\/11600"}],"wp:attachment":[{"href":"https:\/\/busot.es\/publica\/wp-json\/wp\/v2\/media?parent=12045"}],"curies":[{"name":"wp","href":"https:\/\/api.w.org\/{rel}","templated":true}]}}