{"id":11968,"date":"2016-04-08T07:41:43","date_gmt":"2016-04-08T06:41:43","guid":{"rendered":"https:\/\/busot.es\/publica\/?page_id=11968"},"modified":"2026-01-16T08:59:42","modified_gmt":"2026-01-16T07:59:42","slug":"servicio-de-recogida-de-podas-y-enseres","status":"publish","type":"page","link":"https:\/\/busot.es\/publica\/servicios\/servicio-de-recogida-de-podas-y-enseres\/","title":{"rendered":"Servicio de recogida de podas y enseres"},"content":{"rendered":"<h1 style=\"text-align: left;\"><strong>&#x1f1ea;&#x1f1f8;<\/strong>SERVICIO DE RECOGIDA DE PODAS Y ENSERES:<\/h1>\n<p><a href=\"https:\/\/busot.es\/publica\/wp-content\/uploads\/2026\/01\/FOLLETO-PODA-Y-ENSERES-2026.pdf\" target=\"_blank\" rel=\"noopener\">FOLLETO INFORMATIVO DE RECOGIDA DE PODA Y ENSERES 2026 [+]<\/a><\/p>\n<h3>PODAS:<\/h3>\n<div>\n<p data-start=\"206\" data-end=\"486\">\u2022 2 servicios individuales por trimestre\/vivienda.<br data-start=\"256\" data-end=\"259\" \/>\u2022 L\u00edmites de cada recogida (solo una opci\u00f3n o una promedio de las tres):<br data-start=\"331\" data-end=\"334\" \/>\u00a0 \u00a0 \u00a0\u2013 12 sacos de 100 litros manipulables por un operario<br data-start=\"387\" data-end=\"390\" \/>\u00a0 \u00a0 \u00a0\u2013 3 sacos de 100 litros manipulables por un operario<br data-start=\"442\" data-end=\"445\" \/>\u00a0 \u00a0 \u00a0\u2013 7 gavillas atadas por un operario<\/p>\n<p data-start=\"206\" data-end=\"486\">\u2022 No se pueden superar los l\u00edmites del servicio.<br data-start=\"536\" data-end=\"539\" \/>\u2022 En caso de exceder las cantidades, se recoger\u00e1 solo lo permitido, y el usuario retirar\u00e1 los restos de la acera p\u00fablica, gestionando su dep\u00f3sito en el ecoparque municipal con el carnet de usuario.<br data-start=\"736\" data-end=\"739\" \/>\u2022 Est\u00e1 prohibido depositar poda\/escombros en los contenedores de basura.<\/p>\n<h3 data-start=\"818\" data-end=\"853\">ENSERES, MUEBLES Y VOLUMINOSOS:<\/h3>\n<p data-start=\"855\" data-end=\"1434\">\u2022 2 servicios individuales mensuales\/vivienda en enero, julio, agosto y diciembre.<br data-start=\"937\" data-end=\"940\" \/>\u2022 1 servicio por vivienda mensual en febrero, marzo, abril, mayo, junio, septiembre, octubre y noviembre.<br data-start=\"1045\" data-end=\"1048\" \/>\u2022 No es un servicio de mudanza ni se contemplan abusos y grandes tiradas.<br data-start=\"1121\" data-end=\"1124\" \/>\u2022 Viviendas\/servicio, de entre dos que se pueden recoger (muebles y derivados de madera, colchones, aparatos el\u00e9ctricos y electr\u00f3nicos).<br data-start=\"1260\" data-end=\"1263\" \/>\u2022 3 sacos de 100 litros manipulables con restos clasificados por fracci\u00f3n, con pl\u00e1sticos que no se depositen en los contenedores amarillos, como juguetes, mobiliario, etc.<\/p>\n<h3 style=\"text-align: left;\" data-start=\"1441\" data-end=\"1493\">NUEVO TEL\u00c9FONO Y WHATSAPP PARA SOLICITAR CITAS DE RECOGIDAS:\u00a0 \u00a0<strong> 664 75 32 06<\/strong><\/h3>\n<p data-start=\"1495\" data-end=\"1543\"><img loading=\"lazy\" decoding=\"async\" class=\"wp-image-15886 aligncenter\" src=\"https:\/\/busot.es\/publica\/wp-content\/uploads\/2025\/12\/logo-via-publica-esp-300x40.jpg\" alt=\"\" width=\"645\" height=\"86\" srcset=\"https:\/\/busot.es\/publica\/wp-content\/uploads\/2025\/12\/logo-via-publica-esp-300x40.jpg 300w, https:\/\/busot.es\/publica\/wp-content\/uploads\/2025\/12\/logo-via-publica-esp-1024x136.jpg 1024w, https:\/\/busot.es\/publica\/wp-content\/uploads\/2025\/12\/logo-via-publica-esp-768x102.jpg 768w, https:\/\/busot.es\/publica\/wp-content\/uploads\/2025\/12\/logo-via-publica-esp-1536x204.jpg 1536w\" sizes=\"(max-width: 645px) 100vw, 645px\" \/><\/p>\n<hr data-start=\"1638\" data-end=\"1641\" \/>\n<\/div>\n<div class=\"flex flex-col text-sm pb-25\">\n<article class=\"text-token-text-primary w-full focus:outline-none [--shadow-height:45px] has-data-writing-block:pointer-events-none has-data-writing-block:-mt-(--shadow-height) has-data-writing-block:pt-(--shadow-height) [&amp;:has([data-writing-block])&gt;*]:pointer-events-auto [content-visibility:auto] supports-[content-visibility:auto]:[contain-intrinsic-size:auto_100lvh] scroll-mt-[calc(var(--header-height)+min(200px,max(70px,20svh)))]\" dir=\"auto\" tabindex=\"-1\" data-turn-id=\"request-WEB:87db4ac5-03cc-4684-8da1-00174c7046ff-1\" data-testid=\"conversation-turn-4\" data-scroll-anchor=\"true\" data-turn=\"assistant\">\n<div class=\"text-base my-auto mx-auto pb-10 [--thread-content-margin:--spacing(4)] @w-sm\/main:[--thread-content-margin:--spacing(6)] @w-lg\/main:[--thread-content-margin:--spacing(16)] px-(--thread-content-margin)\">\n<div class=\"[--thread-content-max-width:40rem] @w-lg\/main:[--thread-content-max-width:48rem] mx-auto max-w-(--thread-content-max-width) flex-1 group\/turn-messages focus-visible:outline-hidden relative flex w-full min-w-0 flex-col agent-turn\" tabindex=\"-1\">\n<div class=\"flex max-w-full flex-col grow\">\n<div class=\"min-h-8 text-message relative flex w-full flex-col items-end gap-2 text-start break-words whitespace-normal [.text-message+&amp;]:mt-1\" dir=\"auto\" data-message-author-role=\"assistant\" data-message-id=\"fcd310e5-57eb-4815-9590-8b64ee776e73\" data-message-model-slug=\"gpt-5-2\">\n<div class=\"flex w-full flex-col gap-1 empty:hidden first:pt-[1px]\">\n<div class=\"markdown prose dark:prose-invert w-full break-words light markdown-new-styling\">\n<p>&nbsp;<\/p>\n<h1 style=\"text-align: left;\" data-start=\"798\" data-end=\"834\"><img loading=\"lazy\" decoding=\"async\" class=\"alignnone wp-image-15884\" src=\"https:\/\/busot.es\/publica\/wp-content\/uploads\/2025\/12\/COM-VALENCIANA-1.png\" alt=\"\" width=\"38\" height=\"25\" \/>\u00a0SERVEI DE RECOLLIDA DE PODES, TRASTOS\u00a0 I VOLUMINOSOS<\/h1>\n<p data-start=\"167\" data-end=\"199\"><a href=\"https:\/\/busot.es\/publica\/wp-content\/uploads\/2026\/01\/FOLLETO-PODA-Y-ENSERES-2026.pdf\" target=\"_blank\" rel=\"noopener\">FULLET INFORMATIU DE RECOLLIDA DE PODA I TRASTOS 2026 [+]<\/a><\/p>\n<h3 data-start=\"167\" data-end=\"199\">PODES:<\/h3>\n<p data-start=\"201\" data-end=\"475\">\u2022 2 serveis individuals per trimestre\/vivenda.<br data-start=\"249\" data-end=\"252\" \/>\u2022 L\u00edmits de cada recollida (nom\u00e9s una opci\u00f3 o una mitjana de les tres):<br data-start=\"323\" data-end=\"326\" \/>\u00a0 \u00a0 \u00a0\u2013 12 sacs de 100 litres manipulables per un operari<br data-start=\"377\" data-end=\"380\" \/>\u00a0 \u00a0 \u00a0\u2013 3 sacs de 100 litres manipulables per un operari<br data-start=\"430\" data-end=\"433\" \/>\u00a0 \u00a0 \u00a0\u2013 7 gavelles lligades per un operari<\/p>\n<p data-start=\"477\" data-end=\"791\">\u2022 No es poden superar els l\u00edmits del servei.<br data-start=\"521\" data-end=\"524\" \/>\u2022 En cas d\u2019excedir les quantitats, nom\u00e9s es recollir\u00e0 el perm\u00e9s, i l\u2019usuari haur\u00e0 de retirar les restes de la via p\u00fablica, gestionant el seu dip\u00f2sit a l\u2019ecoparc municipal amb el carnet d\u2019usuari.<br data-start=\"718\" data-end=\"721\" \/>\u2022 Est\u00e0 prohibit depositar podes o enderrocs en els contenidors de fem.<\/p>\n<h3 data-start=\"798\" data-end=\"834\">TRASTOS , MOBLES I VOLUMINOSOS:<\/h3>\n<p data-start=\"836\" data-end=\"1390\">\u2022 2 serveis individuals mensuals\/vivenda en gener, juliol, agost i desembre.<br data-start=\"914\" data-end=\"917\" \/>\u2022 1 servei mensual per vivenda en febrer, mar\u00e7, abril, maig, juny, setembre, octubre i novembre.<br data-start=\"1015\" data-end=\"1018\" \/>\u2022 No \u00e9s un servei de mudan\u00e7a ni es contemplen abusos ni grans quantitats.<br data-start=\"1091\" data-end=\"1094\" \/>\u2022 Vivendes\/servei: es poden recollir, entre dos serveis, mobles i derivats de fusta, matalassos, aparells el\u00e8ctrics i electr\u00f2nics.<br data-start=\"1226\" data-end=\"1229\" \/>\u2022 3 sacs de 100 litres manipulables amb restes classificades per fracci\u00f3, amb pl\u00e0stics que no es depositen en els contenidors grocs, com joguets, mobiliari, etc.<\/p>\n<h3 data-start=\"1397\" data-end=\"1449\">NOU TEL\u00c8FON I WHATSAPP PER A SOL\u00b7LICITAR CITES DE RECOLLIDA:\u00a0\u00a0<strong data-start=\"1483\" data-end=\"1499\">664 75 32 06<\/strong><\/h3>\n<h3 style=\"text-align: center;\" data-start=\"1506\" data-end=\"1536\"><img loading=\"lazy\" decoding=\"async\" class=\"wp-image-15887 alignnone\" src=\"https:\/\/busot.es\/publica\/wp-content\/uploads\/2025\/12\/logo-via-publica-val-300x40.jpg\" alt=\"\" width=\"645\" height=\"86\" srcset=\"https:\/\/busot.es\/publica\/wp-content\/uploads\/2025\/12\/logo-via-publica-val-300x40.jpg 300w, https:\/\/busot.es\/publica\/wp-content\/uploads\/2025\/12\/logo-via-publica-val-1024x136.jpg 1024w, https:\/\/busot.es\/publica\/wp-content\/uploads\/2025\/12\/logo-via-publica-val-768x102.jpg 768w, https:\/\/busot.es\/publica\/wp-content\/uploads\/2025\/12\/logo-via-publica-val-1536x204.jpg 1536w\" sizes=\"(max-width: 645px) 100vw, 645px\" \/><\/h3>\n<hr data-start=\"1592\" data-end=\"1595\" \/>\n<h1 id=\"tw-target-text\" class=\"tw-data-text tw-text-large tw-ta\" dir=\"ltr\" tabindex=\"-1\" role=\"text\" data-placeholder=\"Traducci\u00f3n\" data-ved=\"2ahUKEwibuPXclcKRAxVTQ6QEHXTGDK8Q3ewLegQIDxAW\" aria-label=\"Texto traducido: PRUNING AND BULBS COLLECTION SERVICE:\"><span class=\"Y2IQFc\" lang=\"en\">&#x1f1ec;&#x1f1e7;PRUNING AND BULBS COLLECTION SERVICE:<\/span><\/h1>\n<h3 data-start=\"1614\" data-end=\"1650\">PRUNING WASTE:<\/h3>\n<p data-start=\"1652\" data-end=\"1912\">\u2022 2 individual services per quarter\/household.<br data-start=\"1698\" data-end=\"1701\" \/>\u2022 Limits per collection (only one option or an average of the three):<br data-start=\"1770\" data-end=\"1773\" \/>\u00a0 \u00a0 \u00a0\u2013 12 bags of 100 litres, manageable by one worker<br data-start=\"1822\" data-end=\"1825\" \/>\u00a0 \u00a0 \u00a0\u2013 3 bags of 100 litres, manageable by one worker<br data-start=\"1873\" data-end=\"1876\" \/>\u00a0 \u00a0 \u00a0\u2013 7 tied bundles by one worker<\/p>\n<p data-start=\"1914\" data-end=\"2251\">\u2022 Service limits may not be exceeded.<br data-start=\"1951\" data-end=\"1954\" \/>\u2022 If quantities are exceeded, only the permitted amount will be collected, and the user must remove the remaining waste from the public road and dispose of it at the municipal recycling centre using the user card.<br data-start=\"2167\" data-end=\"2170\" \/>\u2022 Depositing pruning waste or rubble in household waste containers is prohibited.<\/p>\n<h3 data-start=\"2258\" data-end=\"2292\">HOUSEHOLD GOODS, FURNITURE AND BULKY ITEMS:<\/h3>\n<p data-start=\"2294\" data-end=\"2887\">\u2022 2 individual monthly services\/household in January, July, August and December.<br data-start=\"2374\" data-end=\"2377\" \/>\u2022 1 monthly service per household in February, March, April, May, June, September, October and November.<br data-start=\"2481\" data-end=\"2484\" \/>\u2022 This is not a moving service, and abuse or large disposals are not permitted.<br data-start=\"2563\" data-end=\"2566\" \/>\u2022 Households\/service: between two services, the following may be collected: furniture and wood derivatives, mattresses, electrical and electronic appliances.<br data-start=\"2723\" data-end=\"2726\" \/>\u2022 3 bags of 100 litres, manageable, with waste sorted by fraction, including plastics that must not be placed in yellow containers, such as toys, furniture, etc.<\/p>\n<h3 data-start=\"2894\" data-end=\"2949\">NEW PHONE NUMBER AND WHATSAPP TO REQUEST COLLECTION APPOINTMENTS : <strong data-start=\"1483\" data-end=\"1499\">664 75 32 06<\/strong><\/h3>\n<p><img loading=\"lazy\" decoding=\"async\" class=\"wp-image-15888 aligncenter\" src=\"https:\/\/busot.es\/publica\/wp-content\/uploads\/2025\/12\/logo-via-publica-ING-300x40.jpg\" alt=\"\" width=\"645\" height=\"86\" srcset=\"https:\/\/busot.es\/publica\/wp-content\/uploads\/2025\/12\/logo-via-publica-ING-300x40.jpg 300w, https:\/\/busot.es\/publica\/wp-content\/uploads\/2025\/12\/logo-via-publica-ING-1024x136.jpg 1024w, https:\/\/busot.es\/publica\/wp-content\/uploads\/2025\/12\/logo-via-publica-ING-768x102.jpg 768w, https:\/\/busot.es\/publica\/wp-content\/uploads\/2025\/12\/logo-via-publica-ING-1536x204.jpg 1536w\" sizes=\"(max-width: 645px) 100vw, 645px\" \/><\/p>\n<hr data-start=\"3100\" data-end=\"3103\" \/>\n<h1 data-start=\"3105\" data-end=\"3121\">&#x1f1eb;&#x1f1f7; SERVICE DE TAILLE ET DE COLLECTE DE BULBES :<\/h1>\n<h3 data-start=\"3105\" data-end=\"3121\">D\u00c9CHETS DE TAILLE:<\/h3>\n<p data-start=\"3170\" data-end=\"3433\">\u2022 2 services individuels par trimestre\/logement.<br data-start=\"3218\" data-end=\"3221\" \/>\u2022 Limites par collecte (une seule option ou une moyenne des trois) :<br data-start=\"3289\" data-end=\"3292\" \/>\u00a0 \u00a0 \u00a0\u2013 12 sacs de 100 litres manipulables par un agent<br data-start=\"3341\" data-end=\"3344\" \/>\u00a0 \u00a0 \u00a0\u2013 3 sacs de 100 litres manipulables par un agent<br data-start=\"3392\" data-end=\"3395\" \/>\u00a0 \u00a0 \u00a0\u2013 7 fagots attach\u00e9s par un agent<\/p>\n<p data-start=\"3435\" data-end=\"3785\">\u2022 Les limites du service ne peuvent pas \u00eatre d\u00e9pass\u00e9es.<br data-start=\"3490\" data-end=\"3493\" \/>\u2022 En cas de d\u00e9passement, seule la quantit\u00e9 autoris\u00e9e sera collect\u00e9e, et l\u2019usager devra retirer le reste de la voie publique et le d\u00e9poser \u00e0 l\u2019\u00e9coparc municipal avec la carte d\u2019usager.<br data-start=\"3676\" data-end=\"3679\" \/>\u2022 Il est interdit de d\u00e9poser des d\u00e9chets de taille ou des gravats dans les conteneurs d\u2019ordures m\u00e9nag\u00e8res.<\/p>\n<h3 data-start=\"3792\" data-end=\"3831\">ARTICLES M\u00c9NAGERS, MEUBLES ET OBJETS ENCOMBRANTS\u00a0:<\/h3>\n<p data-start=\"3833\" data-end=\"4461\">\u2022 2 services individuels mensuels\/logement en janvier, juillet, ao\u00fbt et d\u00e9cembre.<br data-start=\"3914\" data-end=\"3917\" \/>\u2022 1 service mensuel par logement en f\u00e9vrier, mars, avril, mai, juin, septembre, octobre et novembre.<br data-start=\"4017\" data-end=\"4020\" \/>\u2022 Il ne s\u2019agit pas d\u2019un service de d\u00e9m\u00e9nagement et les abus ou grands volumes ne sont pas autoris\u00e9s.<br data-start=\"4120\" data-end=\"4123\" \/>\u2022 Logements\/service : peuvent \u00eatre collect\u00e9s, entre deux services, les meubles et d\u00e9riv\u00e9s du bois, matelas, appareils \u00e9lectriques et \u00e9lectroniques.<br data-start=\"4270\" data-end=\"4273\" \/>\u2022 3 sacs de 100 litres manipulables avec des d\u00e9chets tri\u00e9s par fraction, y compris les plastiques ne devant pas \u00eatre d\u00e9pos\u00e9s dans les conteneurs jaunes, comme les jouets, le mobilier, etc.<\/p>\n<h3 data-start=\"4468\" data-end=\"4528\">NOUVEAU NUM\u00c9RO ET\u00a0WHATSAPP POUR DEMANDER DES RENDEZ-VOUS DE COLLECTE:\u00a0\u00a0<strong data-start=\"1483\" data-end=\"1499\">664 75 32 06<\/strong><\/h3>\n<h3 style=\"text-align: center;\" data-start=\"1506\" data-end=\"1536\"><img loading=\"lazy\" decoding=\"async\" class=\"wp-image-15889 aligncenter\" src=\"https:\/\/busot.es\/publica\/wp-content\/uploads\/2025\/12\/logo-via-publica-fra-300x40.jpg\" alt=\"\" width=\"645\" height=\"86\" srcset=\"https:\/\/busot.es\/publica\/wp-content\/uploads\/2025\/12\/logo-via-publica-fra-300x40.jpg 300w, https:\/\/busot.es\/publica\/wp-content\/uploads\/2025\/12\/logo-via-publica-fra-1024x136.jpg 1024w, https:\/\/busot.es\/publica\/wp-content\/uploads\/2025\/12\/logo-via-publica-fra-768x102.jpg 768w, https:\/\/busot.es\/publica\/wp-content\/uploads\/2025\/12\/logo-via-publica-fra-1536x204.jpg 1536w\" sizes=\"(max-width: 645px) 100vw, 645px\" \/><\/h3>\n<\/div>\n<div class=\"markdown prose dark:prose-invert w-full break-words light markdown-new-styling\">\n<hr data-start=\"4681\" data-end=\"4684\" \/>\n<h1 data-start=\"4686\" data-end=\"4701\">&#x1f1e9;&#x1f1ea; <span class=\"Y2IQFc\" lang=\"de\">SCHNITT- UND ZWIEBELABHOLSERVICE:<\/span><\/h1>\n<h3 data-start=\"4686\" data-end=\"4701\">SCHNITTABF\u00c4LLET:<\/h3>\n<p data-start=\"4738\" data-end=\"5012\">\u2022 2 Einzelservices pro Quartal\/Wohnung.<br data-start=\"4777\" data-end=\"4780\" \/>\u2022 Begrenzungen pro Abholung (nur eine Option oder ein Durchschnitt der drei):<br data-start=\"4857\" data-end=\"4860\" \/>\u00a0 \u00a0 \u00a0\u2013 12 S\u00e4cke \u00e0 100 Liter, von einer Person handhabbar<br data-start=\"4911\" data-end=\"4914\" \/>\u00a0 \u00a0 \u00a0\u2013 3 S\u00e4cke \u00e0 100 Liter, von einer Person handhabbar<br data-start=\"4964\" data-end=\"4967\" \/>\u00a0 \u00a0 \u00a0\u2013 7 Garben, die von einem Arbeiter zusammengebunden wurden<\/p>\n<p data-start=\"5014\" data-end=\"5360\">\u2022 Die Servicegrenzen d\u00fcrfen nicht \u00fcberschritten werden.<br data-start=\"5069\" data-end=\"5072\" \/>\u2022 Bei \u00dcberschreitung wird nur die zul\u00e4ssige Menge abgeholt; der Nutzer muss die restlichen Abf\u00e4lle von der \u00f6ffentlichen Stra\u00dfe entfernen und diese mit der Nutzerkarte im kommunalen Recyclinghof entsorgen.<br data-start=\"5276\" data-end=\"5279\" \/>\u2022 Das Ablagern von Gr\u00fcnschnitt oder Bauschutt in Hausm\u00fcllcontainern ist verboten.<\/p>\n<h3 data-start=\"5367\" data-end=\"5393\">HAUSHALTSWAREN, M\u00d6BEL UND SPARGEGENST\u00c4NDE:<\/h3>\n<p data-start=\"5395\" data-end=\"5980\">\u2022 2 monatliche Einzelservices\/Wohnung im Januar, Juli, August und Dezember.<br data-start=\"5470\" data-end=\"5473\" \/>\u2022 1 monatlicher Service pro Wohnung im Februar, M\u00e4rz, April, Mai, Juni, September, Oktober und November.<br data-start=\"5577\" data-end=\"5580\" \/>\u2022 Dies ist kein Umzugsservice; Missbrauch und gro\u00dfe Mengen sind nicht erlaubt.<br data-start=\"5658\" data-end=\"5661\" \/>\u2022 Wohnungen\/Service: Zwischen zwei Services k\u00f6nnen M\u00f6bel und Holzderivate, Matratzen sowie elektrische und elektronische Ger\u00e4te abgeholt werden.<br data-start=\"5805\" data-end=\"5808\" \/>\u2022 3 handhabbare S\u00e4cke \u00e0 100 Liter mit nach Fraktionen getrennten Abf\u00e4llen, einschlie\u00dflich Kunststoffen, die nicht in die gelben Container geh\u00f6ren, wie Spielzeug, M\u00f6bel usw.<\/p>\n<h3 data-start=\"5987\" data-end=\"6047\">NEUE TELEFONNUMMER UND WHATSAPP-NUMMER ZUR ANFRAGE VON ABHOLTERMINEN: <strong>664 75 32 06<\/strong><\/h3>\n<\/div>\n<\/div>\n<\/div>\n<\/div>\n<div class=\"mt-3 w-full empty:hidden\">\n<div class=\"text-center\">\n<div>\n<div class=\"inline-flex border border-gray-100 dark:border-gray-700 rounded-xl\">\n<div class=\"flex items-center gap-5\"><img loading=\"lazy\" decoding=\"async\" class=\"wp-image-15895 aligncenter\" src=\"https:\/\/busot.es\/publica\/wp-content\/uploads\/2025\/12\/logo-via-publica-ALE-1-300x40.jpg\" alt=\"\" width=\"645\" height=\"86\" srcset=\"https:\/\/busot.es\/publica\/wp-content\/uploads\/2025\/12\/logo-via-publica-ALE-1-300x40.jpg 300w, https:\/\/busot.es\/publica\/wp-content\/uploads\/2025\/12\/logo-via-publica-ALE-1-1024x136.jpg 1024w, https:\/\/busot.es\/publica\/wp-content\/uploads\/2025\/12\/logo-via-publica-ALE-1-768x102.jpg 768w, https:\/\/busot.es\/publica\/wp-content\/uploads\/2025\/12\/logo-via-publica-ALE-1-1536x204.jpg 1536w\" sizes=\"(max-width: 645px) 100vw, 645px\" \/><\/div>\n<\/div>\n<\/div>\n<\/div>\n<\/div>\n<\/div>\n<\/div>\n<\/article>\n<\/div>\n","protected":false},"excerpt":{"rendered":"<p>&#x1f1ea;&#x1f1f8;SERVICIO DE RECOGIDA DE PODAS Y ENSERES: FOLLETO INFORMATIVO DE RECOGIDA DE PODA Y ENSERES 2026 [+] PODAS: \u2022 2 servicios individuales por trimestre\/vivienda.\u2022 L\u00edmites de cada recogida (solo una opci\u00f3n o una promedio de las tres):\u00a0 \u00a0 \u00a0\u2013 12 sacos de 100 litros manipulables por un operario\u00a0 \u00a0 \u00a0\u2013 3 sacos de 100 litros [&hellip;]<\/p>\n","protected":false},"author":2,"featured_media":0,"parent":11594,"menu_order":0,"comment_status":"closed","ping_status":"closed","template":"","meta":{"_monsterinsights_skip_tracking":false,"_monsterinsights_sitenote_active":false,"_monsterinsights_sitenote_note":"","_monsterinsights_sitenote_category":0,"footnotes":""},"_links":{"self":[{"href":"https:\/\/busot.es\/publica\/wp-json\/wp\/v2\/pages\/11968"}],"collection":[{"href":"https:\/\/busot.es\/publica\/wp-json\/wp\/v2\/pages"}],"about":[{"href":"https:\/\/busot.es\/publica\/wp-json\/wp\/v2\/types\/page"}],"author":[{"embeddable":true,"href":"https:\/\/busot.es\/publica\/wp-json\/wp\/v2\/users\/2"}],"replies":[{"embeddable":true,"href":"https:\/\/busot.es\/publica\/wp-json\/wp\/v2\/comments?post=11968"}],"version-history":[{"count":21,"href":"https:\/\/busot.es\/publica\/wp-json\/wp\/v2\/pages\/11968\/revisions"}],"predecessor-version":[{"id":15917,"href":"https:\/\/busot.es\/publica\/wp-json\/wp\/v2\/pages\/11968\/revisions\/15917"}],"up":[{"embeddable":true,"href":"https:\/\/busot.es\/publica\/wp-json\/wp\/v2\/pages\/11594"}],"wp:attachment":[{"href":"https:\/\/busot.es\/publica\/wp-json\/wp\/v2\/media?parent=11968"}],"curies":[{"name":"wp","href":"https:\/\/api.w.org\/{rel}","templated":true}]}}