{"id":11787,"date":"2016-03-01T19:47:14","date_gmt":"2016-03-01T18:47:14","guid":{"rendered":"https:\/\/busot.es\/publica\/?page_id=11787"},"modified":"2020-10-31T13:13:01","modified_gmt":"2020-10-31T12:13:01","slug":"historia","status":"publish","type":"page","link":"https:\/\/busot.es\/publica\/infobusot\/historia\/","title":{"rendered":"Historia"},"content":{"rendered":"<div class=\"fusion-one-third one_third fusion-layout-column fusion-spacing-yes\" style=\"margin-top:0px;margin-bottom:20px;\"><div class=\"fusion-column-wrapper\"><div class=\"imageframe-align-center\"><span class=\"fusion-imageframe imageframe-none imageframe-1 hover-type-none\"> <img decoding=\"async\" src=\"https:\/\/busot.es\/publica\/wp-content\/uploads\/2016\/03\/historia.jpg\" alt=\"\" class=\"img-responsive\"\/><\/span><\/div><div class=\"fusion-sep-clear\"><\/div><div class=\"fusion-separator fusion-full-width-sep sep-none\" style=\"border-color:#e0dede;margin-left: auto;margin-right: auto;margin-top:;margin-bottom:10px;\"><\/div><div class=\"imageframe-align-center\"><span class=\"fusion-imageframe imageframe-none imageframe-2 hover-type-none\"> <img decoding=\"async\" src=\"https:\/\/busot.es\/publica\/wp-content\/uploads\/2016\/03\/historia.thumbnail.jpg\" alt=\"\" class=\"img-responsive\"\/><\/span><\/div><div class=\"fusion-sep-clear\"><\/div><div class=\"fusion-separator fusion-full-width-sep sep-none\" style=\"border-color:#e0dede;margin-left: auto;margin-right: auto;margin-top:;margin-bottom:10px;\"><\/div><div class=\"imageframe-align-center\"><span class=\"fusion-imageframe imageframe-none imageframe-3 hover-type-none\"> <img decoding=\"async\" src=\"https:\/\/busot.es\/publica\/wp-content\/uploads\/2016\/03\/historia2.thumbnail.jpg\" alt=\"\" class=\"img-responsive\"\/><\/span><\/div><div class=\"fusion-sep-clear\"><\/div><div class=\"fusion-separator fusion-full-width-sep sep-none\" style=\"border-color:#e0dede;margin-left: auto;margin-right: auto;margin-top:;margin-bottom:10px;\"><\/div><div class=\"imageframe-align-center\"><span class=\"fusion-imageframe imageframe-none imageframe-4 hover-type-none\"> <img decoding=\"async\" src=\"https:\/\/busot.es\/publica\/wp-content\/uploads\/2016\/03\/historia4.thumbnail.jpg\" alt=\"\" class=\"img-responsive\"\/><\/span><\/div><\/div><\/div><div class=\"fusion-two-third fusion-layout-column fusion-column-last fusion-spacing-yes\" style=\"margin-top:0px;margin-bottom:20px;\"><div class=\"fusion-column-wrapper\"><p><strong>BUSOT<\/strong><br \/>\nBusot es una localidad de la Comunidad Valenciana (Espa\u00f1a) situada en la provincia de Alicante, 19 km al norte de la ciudad de Alicante, en la comarca del Campo de Alicante o Alacant\u00ed. Cuenta con 2.643 habitantes (INE 2006).<\/p>\n<p><strong>GEOGRAF\u00cdA<\/strong><br \/>\nEl casco urbano se encuentra sobre una colina situada en la vertiente sur de la sierra del Cabez\u00f3n de Oro. Dista de siete kil\u00f3metros de la costa (Campello).<\/p>\n<p><strong>HISTORIA<\/strong><br \/>\nSu origen es musulm\u00e1n, a cuya cultura le debe la construcci\u00f3n de un castillo desde donde se inici\u00f3 la antigua industria tradicional y local del vidrio, actualmenta desaparecida. Procedente de sus hornos se han conservado algunos residuos de piezas de vidrio \u00e1rabe. La poblaci\u00f3n estuvo vinculada con Alicante desde que, en el a\u00f1o 1252, el rey Alfonso X el Sabio la incluyera en su t\u00e9rmino, cuando dicha ciudad pertenec\u00eda al Reino de Castilla. Posteriormente, en 1298 pasa a formar parte del Reino de Valencia y, durante el reinado de los Reyes Cat\u00f3licos, pas\u00f3 a ser propiedad de Alfonso Mart\u00ednez de Vera, lugarteniente del Baile General de Alicante, estando el pueblo en manos de sus descendientes durante el resto de la Edad Moderna. Busot se independiz\u00f3 definitivamente de la ciudad de Alicante en 1773.<\/p>\n<p>El or\u00edgen de Busot est\u00e1 ligado a las faldas de su vetusto castillo, que debi\u00f3 de tener en tiempos remotos una gran importancia.<\/p>\n<p>En su construcci\u00f3n se aprecia la Torre Mocha (de reducida altura), un torre\u00f3n que hay en el lado norte, un tanto desfigurado. Posiblemente, tras la reconquista de los cristianos, el castillo fu\u00e9 rodeado por una muralla y, al pie de \u00e9ste mont\u00edculo, unas casitas con los primeros pobladores se fueron extendiendo y formaron las primeras calles.<\/p>\n<p>Ya entrado el siglo XIII, frente al castillo hab\u00eda otro mont\u00edculo, que recibi\u00f3 el nombre de Calvario, y que tambi\u00e9n con el tiempo fue rodeado de casas.<br \/>\nPara colmo, al pie de estos dos mont\u00edculos, hab\u00eda peque\u00f1os yacimientos de agua que facilitaba la permanencia en \u00e9stos lugares.<\/p>\n<p>El primitivo nombre de Busot, fue Bisant, depu\u00e9s se llam\u00f3 Bisot y, finalmente, Busot, que etimol\u00f3gicamente quiere decir \u201cLugar en el bosque\u201d. Y es que era as\u00ed: un inmenso bosque de pinos.<\/p>\n<p>La hidalgu\u00eda de sus nativos se hizo notoria cuando el se\u00f1or de Busot, Pedro Mart\u00ednez de Vera, recuper\u00f3 las joyas que los Reyes Cat\u00f3licos ten\u00edan empe\u00f1adas en Orihuela, para atender a los gastos de la conquista de Granada.<\/p>\n<p>Busot se defini\u00f3 en el Pacto de Alzmizr\u00e1 (hoy Campo de Mirra) por Jaume I y Alfonso X el Sabio, cuando marcaron la divisi\u00f3n de sus tierras, tierras que pasaban por el Cabe\u00e7o d\u2019Or en direcci\u00f3n al Barranco de Aig\u00fces.<\/p>\n<p>La iglesia fu\u00e9 construida antes de 1596, en dos o tres fases distintas, e intervinieron varios arquitectos. En 1816 sufri\u00f3 un incencio y fue restaurada la b\u00f3veda central. Por \u00faltimo, se hizo la nave lateral derecha y la capilla de la comuni\u00f3n, neocl\u00e1scia. En lo alto, hab\u00eda un \u00f3rgano que fue instalado por Ferm\u00edn Usarralde.<\/p>\n<p>Hacia el a\u00f1o 1890, el n\u00famero de habitantes de Busot era unos 1.200; de estos, solamente sab\u00edan leer y escribir 159 hombres y 102 mujeres, seg\u00fan una estad\u00edstica del a\u00f1o 1900. El funcionamiento de la escuela fue muy notable, siempre en l\u00ednea ascendente, de donde salieron cuatro maestros, siete sacerdotes, tres practicantes, dos abogados, dos m\u00e9dicos, dos secretarios de ayuntamiento, un farmac\u00e9utico, un m\u00fasico mayor director de bandas militares, un oficial de prisiones, un segundo maquinista de la armada y un suboficial del ej\u00e9rcito.<\/p>\n<p>Todo esto sali\u00f3 de aquella modesta escuela y de aquel inagotable pedagogo: don Manuel Albert.<\/p>\n<p>El Ayuntamiento fue construido en 1927 en lo que hoy es la plaza de Jos\u00e9 Pic\u00f3. Es un edificio con dos plantas, con un amplio sal\u00f3n de actos.<\/p>\n<p>A la entrada de Busot hab\u00eda una balsa junto a la fuente de la que el pueblo se serv\u00eda, y en ella se despositaban los sobrantes que luego eran distribuidos para el riego por la comunidad de regantes.<\/p>\n<p>En la actualidad, ha desaparecido el agua y , en consecuencia, la huerta.<\/p>\n<p>A tan s\u00f3lo 3 km. y en la mism\u00edsima Sierra del Cabe\u00e7\u00f3 D\u00b4Or, est\u00e1n las Cuevas de Canelobre, que constituyen el principal atractivo del municipio. Reciben una ingente cantidad de visitantes por las singularidades y atractivos que encierra este accidente natural. El aspecto de la gruta se asemeja al de una gran bas\u00edlica en la que podemos contemplar diversas formaciones calc\u00e1reas en forma de candelabros.<\/p>\n<p align=\"center\">(<a href=\"https:\/\/turismobusot.com\/\" target=\"_blank\" rel=\"noopener noreferrer\">M\u00e1s informaci\u00f3n<\/a>)<\/p>\n<p><strong>LUGARES DE INTER\u00c9S<\/strong><br \/>\nEn las afueras de la poblaci\u00f3n se encuentran los restos del antiguo castillo \u00e1rabe (cuyo origen se estima en el siglo XII), hoy en d\u00eda completamente arruinado; el monumento de la ermita de San Jos\u00e9; y tambi\u00e9n las Cuevas de Canelobre, principal atractivo tur\u00edstico de la localidad. Por su parte, el pico del Cabez\u00f3n de Oro es una de las grandes alturas de la orograf\u00eda alicantina con su 1.205 m. de altura.<strong>\u00a0<\/strong><\/p>\n<p><strong>DEMOGRAF\u00cdA<\/strong><br \/>\nEl \u00e9xodo rural a lo largo del siglo XX provoc\u00f3 que, de 1275 busoteros que hab\u00eda en el a\u00f1o 1900, la poblaci\u00f3n fuese tan s\u00f3lo de 652 habitantes en al a\u00f1o 1981. Sin embargo, la poblaci\u00f3n ha crecido a gran velocidad desde principios de los a\u00f1os 90, alcanzando los 1717 habitantes en 1996 y los 2.643 en el 2006; el principal motor de este r\u00e1pido crecimiento ha sido el asentamiento de ciudadanos de diversos pa\u00edses de Europa Occidental, dispersos por urbanizaciones a lo largo del t\u00e9rmino, en las que tambi\u00e9n se han instalado un buen n\u00famero de alicantinos. El 34,7% de la poblaci\u00f3n censada en el a\u00f1o 2005 era de nacionalidad extranjera, el 91% de ellos provenientes de otros pa\u00edses de la Uni\u00f3n Europea.<\/p>\n<\/div><\/div><div class=\"fusion-clearfix\"><\/div>\n","protected":false},"excerpt":{"rendered":"","protected":false},"author":2,"featured_media":0,"parent":11565,"menu_order":0,"comment_status":"closed","ping_status":"closed","template":"","meta":{"_monsterinsights_skip_tracking":false,"_monsterinsights_sitenote_active":false,"_monsterinsights_sitenote_note":"","_monsterinsights_sitenote_category":0,"footnotes":""},"_links":{"self":[{"href":"https:\/\/busot.es\/publica\/wp-json\/wp\/v2\/pages\/11787"}],"collection":[{"href":"https:\/\/busot.es\/publica\/wp-json\/wp\/v2\/pages"}],"about":[{"href":"https:\/\/busot.es\/publica\/wp-json\/wp\/v2\/types\/page"}],"author":[{"embeddable":true,"href":"https:\/\/busot.es\/publica\/wp-json\/wp\/v2\/users\/2"}],"replies":[{"embeddable":true,"href":"https:\/\/busot.es\/publica\/wp-json\/wp\/v2\/comments?post=11787"}],"version-history":[{"count":8,"href":"https:\/\/busot.es\/publica\/wp-json\/wp\/v2\/pages\/11787\/revisions"}],"predecessor-version":[{"id":14608,"href":"https:\/\/busot.es\/publica\/wp-json\/wp\/v2\/pages\/11787\/revisions\/14608"}],"up":[{"embeddable":true,"href":"https:\/\/busot.es\/publica\/wp-json\/wp\/v2\/pages\/11565"}],"wp:attachment":[{"href":"https:\/\/busot.es\/publica\/wp-json\/wp\/v2\/media?parent=11787"}],"curies":[{"name":"wp","href":"https:\/\/api.w.org\/{rel}","templated":true}]}}