{"id":11600,"date":"2016-02-28T11:59:44","date_gmt":"2016-02-28T10:59:44","guid":{"rendered":"https:\/\/busot.es\/publica\/?page_id=11600"},"modified":"2020-11-24T18:37:38","modified_gmt":"2020-11-24T17:37:38","slug":"concejalias","status":"publish","type":"page","link":"https:\/\/busot.es\/publica\/concejalias\/","title":{"rendered":"\u00c1reas Municipales"},"content":{"rendered":"<p><img loading=\"lazy\" decoding=\"async\" class=\"aligncenter wp-image-12077\" src=\"https:\/\/busot.es\/publica\/wp-content\/uploads\/2016\/05\/entrada_busot-1024x576.jpg\" alt=\"Entrada Busot\" width=\"438\" height=\"246\" srcset=\"https:\/\/busot.es\/publica\/wp-content\/uploads\/2016\/05\/entrada_busot-1024x576.jpg 1024w, https:\/\/busot.es\/publica\/wp-content\/uploads\/2016\/05\/entrada_busot-300x169.jpg 300w, https:\/\/busot.es\/publica\/wp-content\/uploads\/2016\/05\/entrada_busot-768x432.jpg 768w, https:\/\/busot.es\/publica\/wp-content\/uploads\/2016\/05\/entrada_busot.jpg 1200w\" sizes=\"(max-width: 438px) 100vw, 438px\" \/><\/p>\n<p>En esta secci\u00f3n iremos actualizando el contenido para difusi\u00f3n de ciertas \u00e1reas municipales.<\/p>\n<ul>\n<li><a href=\"https:\/\/busot.es\/publica\/concejalias\/3a-edad\/\">3\u00aa Edad<\/a><\/li>\n<li><a href=\"https:\/\/busot.es\/publica\/concejalias\/cultura\/\">Cultura<\/a><\/li>\n<li><a href=\"https:\/\/busot.es\/publica\/concejalias\/deportes-2\/\">Deportes<\/a><\/li>\n<li><a href=\"https:\/\/busot.es\/publica\/concejalias\/desarrollo-local\/\">Desarrollo Local, Formaci\u00f3n y Empleo<\/a><\/li>\n<li><a href=\"https:\/\/busot.es\/publica\/concejalias\/fiestas\/\">Fiestas<\/a><\/li>\n<li><a href=\"https:\/\/busot.es\/publica\/concejalias\/mujer-e-igualdad\/\">Mujer e Igualdad<\/a><\/li>\n<li><a href=\"https:\/\/busot.es\/publica\/concejalias\/patrimonio\/\">Patrimonio<\/a><\/li>\n<li><a href=\"https:\/\/busot.es\/publica\/concejalias\/urbanismo\/\">Urbanismo<\/a><\/li>\n<\/ul>\n","protected":false},"excerpt":{"rendered":"<p>En esta secci\u00f3n iremos actualizando el contenido para difusi\u00f3n de ciertas \u00e1reas municipales. 3\u00aa Edad Cultura Deportes Desarrollo Local, Formaci\u00f3n y Empleo Fiestas Mujer e Igualdad Patrimonio Urbanismo<\/p>\n","protected":false},"author":2,"featured_media":0,"parent":0,"menu_order":0,"comment_status":"closed","ping_status":"closed","template":"","meta":{"_monsterinsights_skip_tracking":false,"_monsterinsights_sitenote_active":false,"_monsterinsights_sitenote_note":"","_monsterinsights_sitenote_category":0,"footnotes":""},"_links":{"self":[{"href":"https:\/\/busot.es\/publica\/wp-json\/wp\/v2\/pages\/11600"}],"collection":[{"href":"https:\/\/busot.es\/publica\/wp-json\/wp\/v2\/pages"}],"about":[{"href":"https:\/\/busot.es\/publica\/wp-json\/wp\/v2\/types\/page"}],"author":[{"embeddable":true,"href":"https:\/\/busot.es\/publica\/wp-json\/wp\/v2\/users\/2"}],"replies":[{"embeddable":true,"href":"https:\/\/busot.es\/publica\/wp-json\/wp\/v2\/comments?post=11600"}],"version-history":[{"count":21,"href":"https:\/\/busot.es\/publica\/wp-json\/wp\/v2\/pages\/11600\/revisions"}],"predecessor-version":[{"id":14675,"href":"https:\/\/busot.es\/publica\/wp-json\/wp\/v2\/pages\/11600\/revisions\/14675"}],"wp:attachment":[{"href":"https:\/\/busot.es\/publica\/wp-json\/wp\/v2\/media?parent=11600"}],"curies":[{"name":"wp","href":"https:\/\/api.w.org\/{rel}","templated":true}]}}